CRAN Package Check Results for Package pesel

Last updated on 2025-10-21 17:49:56 CEST.

Flavor Version Tinstall Tcheck Ttotal Status Flags
r-devel-linux-x86_64-debian-clang 0.7.5 1.81 19.57 21.38 NOTE
r-devel-linux-x86_64-debian-gcc 0.7.5 1.30 16.02 17.32 NOTE
r-devel-linux-x86_64-fedora-clang 0.7.5 29.21 OK
r-devel-linux-x86_64-fedora-gcc 0.7.5 28.95 OK
r-devel-windows-x86_64 0.7.5 3.00 39.00 42.00 OK
r-patched-linux-x86_64 0.7.5 1.61 18.13 19.74 OK
r-release-linux-x86_64 0.7.5 1.48 17.89 19.37 OK
r-release-macos-arm64 0.7.5 1.00 14.00 15.00 OK
r-release-macos-x86_64 0.7.5 2.00 21.00 23.00 OK
r-release-windows-x86_64 0.7.5 3.00 45.00 48.00 OK
r-oldrel-macos-arm64 0.7.5 1.00 13.00 14.00 OK
r-oldrel-macos-x86_64 0.7.5 1.00 26.00 27.00 OK
r-oldrel-windows-x86_64 0.7.5 3.00 38.00 41.00 OK

Check Details

Version: 0.7.5
Check: CRAN incoming feasibility
Result: NOTE Maintainer: ‘Piotr Sobczyk <pj.sobczyk@gmail.com>’ No Authors@R field in DESCRIPTION. Please add one, modifying Authors@R: c(person(given = "Piotr", family = "Sobczyk", role = c("aut", "cre"), email = "pj.sobczyk@gmail.com"), person(given = "Julie", family = "Josse", role = "aut"), person(given = "Malgorzata", family = "Bogdan", role = "aut")) as necessary. Flavors: r-devel-linux-x86_64-debian-clang, r-devel-linux-x86_64-debian-gcc