Last updated on 2025-10-24 05:50:50 CEST.
| Flavor | Version | Tinstall | Tcheck | Ttotal | Status | Flags |
|---|---|---|---|---|---|---|
| r-devel-linux-x86_64-debian-clang | 0.1.1 | 2.43 | 27.00 | 29.43 | NOTE | |
| r-devel-linux-x86_64-debian-gcc | 0.1.1 | 1.94 | 20.59 | 22.53 | NOTE | |
| r-devel-linux-x86_64-fedora-clang | 0.1.1 | 42.87 | OK | |||
| r-devel-linux-x86_64-fedora-gcc | 0.1.1 | 39.20 | OK | |||
| r-devel-windows-x86_64 | 0.1.1 | 3.00 | 51.00 | 54.00 | OK | |
| r-patched-linux-x86_64 | 0.1.1 | 2.58 | 25.52 | 28.10 | OK | |
| r-release-linux-x86_64 | 0.1.1 | 2.31 | 25.69 | 28.00 | OK | |
| r-release-macos-arm64 | 0.1.1 | 2.00 | 17.00 | 19.00 | OK | |
| r-release-macos-x86_64 | 0.1.1 | 3.00 | 25.00 | 28.00 | OK | |
| r-release-windows-x86_64 | 0.1.1 | 5.00 | 55.00 | 60.00 | OK | |
| r-oldrel-macos-arm64 | 0.1.1 | 1.00 | 16.00 | 17.00 | NOTE | |
| r-oldrel-macos-x86_64 | 0.1.1 | 2.00 | 25.00 | 27.00 | NOTE | |
| r-oldrel-windows-x86_64 | 0.1.1 | 4.00 | 57.00 | 61.00 | NOTE |
Version: 0.1.1
Check: CRAN incoming feasibility
Result: NOTE
Maintainer: ‘Yalin Zhu <yalin.zhu@outlook.com>’
No Authors@R field in DESCRIPTION.
Please add one, modifying
Authors@R: c(person(given = "Yalin",
family = "Zhu",
role = c("aut", "cre"),
email = "yalin.zhu@outlook.com"),
person(given = "Rui",
family = "Qin",
role = "aut"))
as necessary.
Flavors: r-devel-linux-x86_64-debian-clang, r-devel-linux-x86_64-debian-gcc
Version: 0.1.1
Check: LazyData
Result: NOTE
'LazyData' is specified without a 'data' directory
Flavors: r-oldrel-macos-arm64, r-oldrel-macos-x86_64, r-oldrel-windows-x86_64