Last updated on 2025-10-21 17:49:57 CEST.
Flavor | Version | Tinstall | Tcheck | Ttotal | Status | Flags |
---|---|---|---|---|---|---|
r-devel-linux-x86_64-debian-clang | 0.14.0 | 26.42 | 223.15 | 249.57 | NOTE | |
r-devel-linux-x86_64-debian-gcc | 0.14.0 | 15.03 | 143.60 | 158.63 | NOTE | |
r-devel-linux-x86_64-fedora-clang | 0.14.0 | 59.00 | 289.75 | 348.75 | OK | |
r-devel-linux-x86_64-fedora-gcc | 0.14.0 | 60.00 | 295.24 | 355.24 | OK | |
r-devel-windows-x86_64 | 0.14.0 | 30.00 | 271.00 | 301.00 | OK | |
r-patched-linux-x86_64 | 0.14.0 | 34.92 | 203.02 | 237.94 | OK | |
r-release-linux-x86_64 | 0.14.0 | 23.62 | 203.38 | 227.00 | OK | |
r-release-macos-arm64 | 0.14.0 | 10.00 | 88.00 | 98.00 | OK | |
r-release-macos-x86_64 | 0.14.0 | 42.00 | 337.00 | 379.00 | OK | |
r-release-windows-x86_64 | 0.14.0 | 35.00 | 287.00 | 322.00 | OK | |
r-oldrel-macos-arm64 | 0.14.0 | 10.00 | 93.00 | 103.00 | OK | |
r-oldrel-macos-x86_64 | 0.14.0 | 70.00 | 325.00 | 395.00 | NOTE | |
r-oldrel-windows-x86_64 | 0.14.0 | 42.00 | 323.00 | 365.00 | OK |
Version: 0.14.0
Check: HTML version of manual
Result: NOTE
Found the following HTML validation problems:
Trig.html:66:1 (Trig.Rd:26): Warning: missing </ul> before </div>
absorbance_spct.html:78:1 (absorbance_spct.Rd:29): Warning: missing </ul> before </div>
absorptance_spct.html:78:1 (absorptance_spct.Rd:29): Warning: missing </ul> before </div>
adaptive_smoothing.html:67:1 (adaptive_smoothing.Rd:25): Warning: missing </ul> before </div>
check_and_rename_vars.html:79:1 (check_and_rename_vars.Rd:33): Warning: missing </ul> before </div>
clean_spct.html:69:1 (clean_spct.Rd:22): Warning: missing </ul> before </div>
clear_photobio.cache.html:47:1 (clear_photobio.cache.Rd:11): Warning: missing </ul> before </div>
f_dispatcher_spct.html:55:1 (f_dispatcher_spct.Rd:14): Warning: missing </ul> before </div>
make_wl_consistent.html:54:1 (make_wl_consistent.Rd:12): Warning: missing </ul> before </div>
print.waveband.html:51:1 (print.waveband.Rd:12): Warning: missing </ul> before </div>
Flavors: r-devel-linux-x86_64-debian-clang, r-devel-linux-x86_64-debian-gcc
Version: 0.14.0
Check: installed package size
Result: NOTE
installed size is 5.9Mb
sub-directories of 1Mb or more:
R 2.1Mb
help 2.1Mb
Flavor: r-oldrel-macos-x86_64