Last updated on 2025-10-21 17:49:57 CEST.
Flavor | Version | Tinstall | Tcheck | Ttotal | Status | Flags |
---|---|---|---|---|---|---|
r-devel-linux-x86_64-debian-clang | 1.1.4 | 175.17 | 365.31 | 540.48 | NOTE | |
r-devel-linux-x86_64-debian-gcc | 1.1.4 | 150.28 | 261.32 | 411.60 | NOTE | |
r-devel-linux-x86_64-fedora-clang | 1.1.4 | 347.00 | 439.51 | 786.51 | OK | |
r-devel-linux-x86_64-fedora-gcc | 1.1.4 | 557.00 | 426.28 | 983.28 | OK | |
r-devel-windows-x86_64 | 1.1.4 | 176.00 | 429.00 | 605.00 | OK | |
r-patched-linux-x86_64 | 1.1.4 | 184.11 | 358.32 | 542.43 | OK | |
r-release-linux-x86_64 | 1.1.4 | 182.02 | 360.65 | 542.67 | OK | |
r-release-macos-arm64 | 1.1.4 | 84.00 | 182.00 | 266.00 | OK | |
r-release-macos-x86_64 | 1.1.4 | 156.00 | 228.00 | 384.00 | NOTE | |
r-release-windows-x86_64 | 1.1.4 | 168.00 | 416.00 | 584.00 | OK | |
r-oldrel-macos-arm64 | 1.1.4 | 67.00 | 173.00 | 240.00 | NOTE | |
r-oldrel-macos-x86_64 | 1.1.4 | 121.00 | 270.00 | 391.00 | NOTE | |
r-oldrel-windows-x86_64 | 1.1.4 | 209.00 | 540.00 | 749.00 | OK |
Version: 1.1.4
Check: HTML version of manual
Result: NOTE
Found the following HTML validation problems:
vcov.phylosem.html:55:1 (vcov.phylosem.Rd:14): Warning: missing </ul> before </div>
Flavors: r-devel-linux-x86_64-debian-clang, r-devel-linux-x86_64-debian-gcc
Version: 1.1.4
Check: re-building of vignette outputs
Result: NOTE
Note: skipping ‘fisheries.Rmd’ due to unavailable dependencies:
'phylosignal'
Flavor: r-release-macos-x86_64
Version: 1.1.4
Check: installed package size
Result: NOTE
installed size is 62.9Mb
sub-directories of 1Mb or more:
libs 62.1Mb
Flavors: r-oldrel-macos-arm64, r-oldrel-macos-x86_64