Last updated on 2025-10-21 23:51:04 CEST.
Flavor | Version | Tinstall | Tcheck | Ttotal | Status | Flags |
---|---|---|---|---|---|---|
r-devel-linux-x86_64-debian-clang | 1.0.2 | 1.91 | 68.06 | 69.97 | NOTE | |
r-devel-linux-x86_64-debian-gcc | 1.0.2 | 2.02 | 49.66 | 51.68 | NOTE | |
r-devel-linux-x86_64-fedora-clang | 1.0.2 | 103.91 | NOTE | |||
r-devel-linux-x86_64-fedora-gcc | 1.0.2 | 114.89 | NOTE | |||
r-devel-windows-x86_64 | 1.0.2 | 4.00 | 78.00 | 82.00 | NOTE | |
r-patched-linux-x86_64 | 1.0.2 | 2.62 | 63.02 | 65.64 | NOTE | |
r-release-linux-x86_64 | 1.0.2 | 2.58 | 65.03 | 67.61 | NOTE | |
r-release-macos-arm64 | 1.0.2 | 1.00 | 45.00 | 46.00 | NOTE | |
r-release-macos-x86_64 | 1.0.2 | 2.00 | 74.00 | 76.00 | NOTE | |
r-release-windows-x86_64 | 1.0.2 | 5.00 | 79.00 | 84.00 | NOTE | |
r-oldrel-macos-arm64 | 1.0.2 | 1.00 | 39.00 | 40.00 | OK | |
r-oldrel-macos-x86_64 | 1.0.2 | 2.00 | 96.00 | 98.00 | OK | |
r-oldrel-windows-x86_64 | 1.0.2 | 5.00 | 95.00 | 100.00 | OK |
Version: 1.0.2
Check: DESCRIPTION meta-information
Result: NOTE
Missing dependency on R >= 4.1.0 because package code uses the pipe
|> or function shorthand \(...) syntax added in R 4.1.0.
File(s) using such syntax:
‘extract_col.Rd’ ‘na2empty.Rd’ ‘omit_na_cols.Rd’ ‘omit_na_rows.Rd’
‘pivot.R’ ‘pivot.Rd’ ‘utils.R’ ‘validate_col.Rd’
Flavors: r-devel-linux-x86_64-debian-clang, r-devel-linux-x86_64-debian-gcc, r-devel-linux-x86_64-fedora-clang, r-devel-linux-x86_64-fedora-gcc, r-devel-windows-x86_64, r-patched-linux-x86_64, r-release-linux-x86_64, r-release-macos-arm64, r-release-windows-x86_64
Version: 1.0.2
Check: DESCRIPTION meta-information
Result: NOTE
Missing dependency on R >= 4.1.0 because package code uses the pipe
|> or function shorthand \(...) syntax added in R 4.1.0.
File(s) using such syntax:
‘pivot.R’ ‘utils.R’
Flavor: r-release-macos-x86_64