Last updated on 2025-10-22 23:50:05 CEST.
Flavor | Version | Tinstall | Tcheck | Ttotal | Status | Flags |
---|---|---|---|---|---|---|
r-devel-linux-x86_64-debian-clang | 0.1.3 | 86.65 | 70.48 | 157.13 | OK | |
r-devel-linux-x86_64-debian-gcc | 0.1.3 | 73.34 | 59.34 | 132.68 | OK | |
r-devel-linux-x86_64-fedora-clang | 0.1.3 | 114.00 | 136.30 | 250.30 | OK | |
r-devel-linux-x86_64-fedora-gcc | 0.1.3 | 144.00 | 152.82 | 296.82 | OK | |
r-devel-windows-x86_64 | 0.1.3 | 87.00 | 106.00 | 193.00 | OK | |
r-patched-linux-x86_64 | 0.1.3 | 101.08 | 76.38 | 177.46 | OK | |
r-release-linux-x86_64 | 0.1.3 | 104.38 | 76.24 | 180.62 | OK | |
r-release-macos-arm64 | 0.1.3 | 39.00 | 37.00 | 76.00 | OK | |
r-release-macos-x86_64 | 0.1.3 | 39.00 | 68.00 | 107.00 | OK | |
r-release-windows-x86_64 | 0.1.3 | 89.00 | 107.00 | 196.00 | OK | |
r-oldrel-macos-arm64 | 0.1.3 | 41.00 | 34.00 | 75.00 | NOTE | |
r-oldrel-macos-x86_64 | 0.1.3 | 33.00 | 54.00 | 87.00 | NOTE | |
r-oldrel-windows-x86_64 | 0.1.3 | 107.00 | 128.00 | 235.00 | OK |
Version: 0.1.3
Check: installed package size
Result: NOTE
installed size is 28.9Mb
sub-directories of 1Mb or more:
libs 28.8Mb
Flavors: r-oldrel-macos-arm64, r-oldrel-macos-x86_64