Last updated on 2025-10-26 00:48:54 CEST.
| Flavor | Version | Tinstall | Tcheck | Ttotal | Status | Flags |
|---|---|---|---|---|---|---|
| r-devel-linux-x86_64-debian-clang | 3.6.4 | 11.73 | 70.63 | 82.36 | NOTE | |
| r-devel-linux-x86_64-debian-gcc | 3.6.4 | 7.79 | 49.40 | 57.19 | NOTE | |
| r-devel-linux-x86_64-fedora-clang | 3.6.4 | 23.00 | 101.50 | 124.50 | OK | |
| r-devel-linux-x86_64-fedora-gcc | 3.6.4 | 50.00 | 77.74 | 127.74 | NOTE | |
| r-devel-windows-x86_64 | 3.6.4 | 11.00 | 79.00 | 90.00 | OK | |
| r-patched-linux-x86_64 | 3.6.4 | 11.11 | 65.61 | 76.72 | OK | |
| r-release-linux-x86_64 | 3.6.4 | 11.85 | 65.26 | 77.11 | OK | |
| r-release-macos-arm64 | 3.6.4 | 5.00 | 29.00 | 34.00 | OK | |
| r-release-macos-x86_64 | 3.6.4 | 10.00 | 52.00 | 62.00 | OK | |
| r-release-windows-x86_64 | 3.6.4 | 14.00 | 78.00 | 92.00 | OK | |
| r-oldrel-macos-arm64 | 3.6.4 | 5.00 | 31.00 | 36.00 | OK | |
| r-oldrel-macos-x86_64 | 3.6.4 | 17.00 | 84.00 | 101.00 | OK | |
| r-oldrel-windows-x86_64 | 3.6.4 | 19.00 | 95.00 | 114.00 | OK |
Version: 3.6.4
Check: Rd files
Result: NOTE
checkRd: (-1) plotmo.Rd:409-452: Only 2 columns allowed in this table (row 1 has 1)
Flavors: r-devel-linux-x86_64-debian-clang, r-devel-linux-x86_64-debian-gcc, r-devel-linux-x86_64-fedora-gcc