Last updated on 2025-10-22 11:51:19 CEST.
Flavor | Version | Tinstall | Tcheck | Ttotal | Status | Flags |
---|---|---|---|---|---|---|
r-devel-linux-x86_64-debian-clang | 0.1.0 | 12.27 | 170.44 | 182.71 | NOTE | |
r-devel-linux-x86_64-debian-gcc | 0.1.0 | 8.15 | 125.80 | 133.95 | NOTE | |
r-devel-linux-x86_64-fedora-clang | 0.1.0 | 104.00 | 202.85 | 306.85 | OK | |
r-devel-linux-x86_64-fedora-gcc | 0.1.0 | 91.00 | 251.74 | 342.74 | OK | |
r-devel-windows-x86_64 | 0.1.0 | 13.00 | 190.00 | 203.00 | OK | |
r-patched-linux-x86_64 | 0.1.0 | 13.24 | 164.57 | 177.81 | OK | |
r-release-linux-x86_64 | 0.1.0 | 10.78 | 164.51 | 175.29 | OK | |
r-release-macos-arm64 | 0.1.0 | 6.00 | ERROR | |||
r-release-macos-x86_64 | 0.1.0 | 10.00 | ERROR | |||
r-release-windows-x86_64 | 0.1.0 | 15.00 | 185.00 | 200.00 | OK | |
r-oldrel-macos-arm64 | 0.1.0 | 10.00 | ERROR | |||
r-oldrel-macos-x86_64 | 0.1.0 | 16.00 | ERROR | |||
r-oldrel-windows-x86_64 | 0.1.0 | 17.00 | 229.00 | 246.00 | OK |
Version: 0.1.0
Check: HTML version of manual
Result: NOTE
Found the following HTML validation problems:
Plumber2.html:722:1 (Plumber2.Rd:498): Warning: missing </ul> before </div>
Plumber2.html:277:1 (Plumber2.Rd:189): Warning: <h5> anchor "Usage" already defined
Plumber2.html:283:1 (Plumber2.Rd:193): Warning: <h5> anchor "Arguments" already defined
Plumber2.html:296:1 (Plumber2.Rd:200): Warning: <h5> anchor "Returns" already defined
Plumber2.html:313:1 (Plumber2.Rd:209): Warning: <h5> anchor "Usage" already defined
Plumber2.html:324:1 (Plumber2.Rd:218): Warning: <h5> anchor "Arguments" already defined
Plumber2.html:358:1 (Plumber2.Rd:242): Warning: <h5> anchor "Usage" already defined
Plumber2.html:364:1 (Plumber2.Rd:246): Warning: <h5> anchor "Arguments" already defined
Plumber2.html:400:1 (Plumber2.Rd:272): Warning: <h5> anchor "Usage" already defined
Plumber2.html:419:1 (Plumber2.Rd:289): Warning: <h5> anchor "Arguments" already defined
Plumber2.html:483:1 (Plumber2.Rd:343): Warning: <h5> anchor "Usage" already defined
Plumber2.html:489:1 (Plumber2.Rd:347): Warning: <h5> anchor "Arguments" already defined
Plumber2.html:524:1 (Plumber2.Rd:372): Warning: <h5> anchor "Usage" already defined
Plumber2.html:530:1 (Plumber2.Rd:376): Warning: <h5> anchor "Arguments" already defined
Plumber2.html:562:1 (Plumber2.Rd:398): Warning: <h5> anchor "Usage" already defined
Plumber2.html:568:1 (Plumber2.Rd:402): Warning: <h5> anchor "Arguments" already defined
Plumber2.html:595:1 (Plumber2.Rd:419): Warning: <h5> anchor "Usage" already defined
Plumber2.html:601:1 (Plumber2.Rd:423): Warning: <h5> anchor "Arguments" already defined
Plumber2.html:631:1 (Plumber2.Rd:443): Warning: <h5> anchor "Usage" already defined
Plumber2.html:637:1 (Plumber2.Rd:447): Warning: <h5> anchor "Arguments" already defined
Plumber2.html:666:1 (Plumber2.Rd:466): Warning: <h5> anchor "Usage" already defined
Plumber2.html:672:1 (Plumber2.Rd:470): Warning: <h5> anchor "Arguments" already defined
Plumber2.html:699:1 (Plumber2.Rd:487): Warning: <h5> anchor "Usage" already defined
Plumber2.html:705:1 (Plumber2.Rd:491): Warning: <h5> anchor "Arguments" already defined
Flavors: r-devel-linux-x86_64-debian-clang, r-devel-linux-x86_64-debian-gcc
Version: 0.1.0
Check: package dependencies
Result: ERROR
Package required but not available: ‘firesafety’
Package required and available but unsuitable version: ‘routr’
See section ‘The DESCRIPTION file’ in the ‘Writing R Extensions’
manual.
Flavors: r-release-macos-arm64, r-release-macos-x86_64, r-oldrel-macos-arm64, r-oldrel-macos-x86_64