Last updated on 2025-10-22 17:49:47 CEST.
Flavor | Version | Tinstall | Tcheck | Ttotal | Status | Flags |
---|---|---|---|---|---|---|
r-devel-linux-x86_64-debian-clang | 0.2.7 | 3.01 | 44.05 | 47.06 | NOTE | |
r-devel-linux-x86_64-debian-gcc | 0.2.7 | 1.99 | 34.28 | 36.27 | NOTE | |
r-devel-linux-x86_64-fedora-clang | 0.2.7 | 17.00 | 56.18 | 73.18 | OK | |
r-devel-linux-x86_64-fedora-gcc | 0.2.7 | 82.57 | OK | |||
r-devel-windows-x86_64 | 0.2.7 | 5.00 | 68.00 | 73.00 | OK | |
r-patched-linux-x86_64 | 0.2.7 | 3.54 | 41.81 | 45.35 | OK | |
r-release-linux-x86_64 | 0.2.7 | 2.52 | 41.77 | 44.29 | OK | |
r-release-macos-arm64 | 0.2.7 | 2.00 | 29.00 | 31.00 | OK | |
r-release-macos-x86_64 | 0.2.7 | 3.00 | 52.00 | 55.00 | OK | |
r-release-windows-x86_64 | 0.2.7 | 5.00 | 69.00 | 74.00 | OK | |
r-oldrel-macos-arm64 | 0.2.7 | 2.00 | 28.00 | 30.00 | OK | |
r-oldrel-macos-x86_64 | 0.2.7 | 2.00 | 43.00 | 45.00 | OK | |
r-oldrel-windows-x86_64 | 0.2.7 | 6.00 | 79.00 | 85.00 | OK |
Version: 0.2.7
Check: HTML version of manual
Result: NOTE
Found the following HTML validation problems:
check_run_stage_args.html:118:1 (check_run_stage_args.Rd:61): Warning: missing </ul> before </div>
gibbs_step_err.html:52:1 (gibbs_step_err.Rd:12): Warning: missing </ul> before </div>
new_sample_err.html:55:1 (new_sample_err.Rd:14): Warning: missing </ul> before </div>
particle_select_err.html:56:1 (particle_select_err.Rd:15): Warning: missing </ul> before </div>
set_epsilon.html:51:1 (set_epsilon.Rd:12): Warning: missing </ul> before </div>
set_mix.html:51:1 (set_mix.Rd:12): Warning: missing </ul> before </div>
set_proposal.html:61:1 (set_proposal.Rd:18): Warning: missing </ul> before </div>
Flavors: r-devel-linux-x86_64-debian-clang, r-devel-linux-x86_64-debian-gcc