CRAN Package Check Results for Package png

Last updated on 2025-10-21 17:49:57 CEST.

Flavor Version Tinstall Tcheck Ttotal Status Flags
r-devel-linux-x86_64-debian-clang 0.1-8 2.81 18.04 20.85 NOTE
r-devel-linux-x86_64-debian-gcc 0.1-8 2.24 14.97 17.21 NOTE
r-devel-linux-x86_64-fedora-clang 0.1-8 31.13 OK
r-devel-linux-x86_64-fedora-gcc 0.1-8 31.23 OK
r-devel-windows-x86_64 0.1-8 14.00 38.00 52.00 OK
r-patched-linux-x86_64 0.1-8 2.37 17.18 19.55 OK
r-release-linux-x86_64 0.1-8 2.38 17.29 19.67 OK
r-release-macos-arm64 0.1-8 3.00 14.00 17.00 OK
r-release-macos-x86_64 0.1-8 4.00 28.00 32.00 OK
r-release-windows-x86_64 0.1-8 20.00 43.00 63.00 OK
r-oldrel-macos-arm64 0.1-8 3.00 18.00 21.00 OK
r-oldrel-macos-x86_64 0.1-8 4.00 18.00 22.00 OK
r-oldrel-windows-x86_64 0.1-8 16.00 39.00 55.00 OK

Additional issues

rchk

Check Details

Version: 0.1-8
Check: CRAN incoming feasibility
Result: NOTE Maintainer: ‘Simon Urbanek <Simon.Urbanek@r-project.org>’ No Authors@R field in DESCRIPTION. Please add one, modifying Authors@R: person(given = "Simon", family = "Urbanek", role = c("aut", "cre"), email = "Simon.Urbanek@r-project.org") as necessary. Flavors: r-devel-linux-x86_64-debian-clang, r-devel-linux-x86_64-debian-gcc