Last updated on 2025-10-22 05:51:21 CEST.
Flavor | Version | Tinstall | Tcheck | Ttotal | Status | Flags |
---|---|---|---|---|---|---|
r-devel-linux-x86_64-debian-clang | 0.4.0-4 | 9.18 | 53.99 | 63.17 | NOTE | |
r-devel-linux-x86_64-debian-gcc | 0.4.0-4 | 7.93 | 41.43 | 49.36 | NOTE | |
r-devel-linux-x86_64-fedora-clang | 0.4.0-4 | 20.00 | 74.14 | 94.14 | OK | |
r-devel-linux-x86_64-fedora-gcc | 0.4.0-4 | 27.00 | 68.63 | 95.63 | OK | |
r-devel-windows-x86_64 | 0.4.0-4 | 14.00 | 77.00 | 91.00 | OK | |
r-patched-linux-x86_64 | 0.4.0-4 | 9.72 | 51.58 | 61.30 | OK | |
r-release-linux-x86_64 | 0.4.0-4 | 10.20 | 51.26 | 61.46 | OK | |
r-release-macos-arm64 | 0.4.0-4 | 5.00 | 30.00 | 35.00 | OK | |
r-release-macos-x86_64 | 0.4.0-4 | 9.00 | 48.00 | 57.00 | OK | |
r-release-windows-x86_64 | 0.4.0-4 | 14.00 | 78.00 | 92.00 | OK | |
r-oldrel-macos-arm64 | 0.4.0-4 | 5.00 | 27.00 | 32.00 | OK | |
r-oldrel-macos-x86_64 | 0.4.0-4 | 8.00 | 39.00 | 47.00 | OK | |
r-oldrel-windows-x86_64 | 0.4.0-4 | 17.00 | 88.00 | 105.00 | OK |
Version: 0.4.0-4
Check: CRAN incoming feasibility
Result: NOTE
Maintainer: ‘David Cortes <david.cortes.rivera@gmail.com>’
The Description field contains
bag-of-words-based topic modeling) (Cortes, (2018) <arXiv:1811.01908>),
Please refer to arXiv e-prints via their arXiv DOI <doi:10.48550/arXiv.YYMM.NNNNN>.
Flavors: r-devel-linux-x86_64-debian-clang, r-devel-linux-x86_64-debian-gcc
Version: 0.4.0-4
Check: HTML version of manual
Result: NOTE
Found the following HTML validation problems:
print.poismf.html:51:1 (print.poismf.Rd:12): Warning: missing </ul> before </div>
Flavors: r-devel-linux-x86_64-debian-clang, r-devel-linux-x86_64-debian-gcc