Last updated on 2025-10-22 11:51:20 CEST.
Flavor | Version | Tinstall | Tcheck | Ttotal | Status | Flags |
---|---|---|---|---|---|---|
r-devel-linux-x86_64-debian-clang | 2.3.0 | 17.44 | 134.77 | 152.21 | NOTE | |
r-devel-linux-x86_64-debian-gcc | 2.3.0 | 11.92 | 92.35 | 104.27 | NOTE | |
r-devel-linux-x86_64-fedora-clang | 2.3.0 | 38.00 | 192.59 | 230.59 | OK | |
r-devel-linux-x86_64-fedora-gcc | 2.3.0 | 42.00 | 174.40 | 216.40 | OK | |
r-devel-windows-x86_64 | 2.3.0 | 20.00 | 138.00 | 158.00 | OK | |
r-patched-linux-x86_64 | 2.3.0 | 16.85 | 122.29 | 139.14 | OK | |
r-release-linux-x86_64 | 2.3.0 | 17.22 | 122.25 | 139.47 | OK | |
r-release-macos-arm64 | 2.3.0 | 8.00 | 50.00 | 58.00 | OK | |
r-release-macos-x86_64 | 2.3.0 | 14.00 | 92.00 | 106.00 | OK | |
r-release-windows-x86_64 | 2.3.0 | 20.00 | 138.00 | 158.00 | OK | |
r-oldrel-macos-arm64 | 2.3.0 | 9.00 | 52.00 | 61.00 | OK | |
r-oldrel-macos-x86_64 | 2.3.0 | 11.00 | 71.00 | 82.00 | OK | |
r-oldrel-windows-x86_64 | 2.3.0 | 28.00 | 175.00 | 203.00 | OK |
Version: 2.3.0
Check: CRAN incoming feasibility
Result: NOTE
Maintainer: ‘Barry Edwards <barry.edwards@ucf.edu>’
No Authors@R field in DESCRIPTION.
Please add one, modifying
Authors@R: c(person(given = "Barry",
family = "Edwards",
role = c("aut", "cre"),
email = "barry.edwards@ucf.edu"),
person(given = "Philip",
family = "Pollock",
role = "aut"))
as necessary.
Flavors: r-devel-linux-x86_64-debian-clang, r-devel-linux-x86_64-debian-gcc
Version: 2.3.0
Check: HTML version of manual
Result: NOTE
Found the following HTML validation problems:
available.imported.functions.html:172:1 (available.imported.functions.Rd:86): Warning: missing </ul> before </div>
Flavors: r-devel-linux-x86_64-debian-clang, r-devel-linux-x86_64-debian-gcc