Last updated on 2025-10-22 05:51:21 CEST.
Flavor | Version | Tinstall | Tcheck | Ttotal | Status | Flags |
---|---|---|---|---|---|---|
r-devel-linux-x86_64-debian-clang | 3.0.0 | 47.60 | 152.75 | 200.35 | NOTE | |
r-devel-linux-x86_64-debian-gcc | 3.0.0 | 36.17 | 102.32 | 138.49 | NOTE | |
r-devel-linux-x86_64-fedora-clang | 3.0.0 | 78.00 | 236.55 | 314.55 | OK | |
r-devel-linux-x86_64-fedora-gcc | 3.0.0 | 130.00 | 198.11 | 328.11 | OK | |
r-devel-windows-x86_64 | 3.0.0 | 52.00 | 195.00 | 247.00 | OK | |
r-patched-linux-x86_64 | 3.0.0 | 48.47 | 143.97 | 192.44 | OK | |
r-release-linux-x86_64 | 3.0.0 | 44.30 | 142.73 | 187.03 | OK | |
r-release-macos-arm64 | 3.0.0 | 18.00 | 64.00 | 82.00 | OK | |
r-release-macos-x86_64 | 3.0.0 | 26.00 | 142.00 | 168.00 | OK | |
r-release-windows-x86_64 | 3.0.0 | 55.00 | 197.00 | 252.00 | OK | |
r-oldrel-macos-arm64 | 3.0.0 | 18.00 | 71.00 | 89.00 | NOTE | |
r-oldrel-macos-x86_64 | 3.0.0 | 22.00 | 114.00 | 136.00 | OK | |
r-oldrel-windows-x86_64 | 3.0.0 | 69.00 | 238.00 | 307.00 | OK |
Version: 3.0.0
Check: HTML version of manual
Result: NOTE
Found the following HTML validation problems:
heatmap-pairwisefst-method.html:148:1 (heatmap-pairwisefst-method.Rd:73): Warning: missing </ul> before </div>
is.countdata.html:46:1 (is.countdata.Rd:10): Warning: missing </ul> before </div>
is.fitted.graph.html:46:1 (is.fitted.graph.Rd:10): Warning: missing </ul> before </div>
is.fstats.html:46:1 (is.fstats.Rd:10): Warning: missing </ul> before </div>
is.graph.params.html:46:1 (is.graph.params.Rd:10): Warning: missing </ul> before </div>
is.pairwisefst.html:46:1 (is.pairwisefst.Rd:10): Warning: missing </ul> before </div>
is.pooldata.html:46:1 (is.pooldata.Rd:10): Warning: missing </ul> before </div>
plot-fitted.graph-method.html:51:1 (plot-fitted.graph-method.Rd:12): Warning: missing </ul> before </div>
plot-graph.params-method.html:51:1 (plot-graph.params-method.Rd:12): Warning: missing </ul> before </div>
show-countdata-method.html:47:1 (show-countdata-method.Rd:10): Warning: missing </ul> before </div>
show-fitted.graph-method.html:47:1 (show-fitted.graph-method.Rd:10): Warning: missing </ul> before </div>
show-fstats-method.html:47:1 (show-fstats-method.Rd:10): Warning: missing </ul> before </div>
show-graph.params-method.html:47:1 (show-graph.params-method.Rd:10): Warning: missing </ul> before </div>
show-pairwisefst-method.html:47:1 (show-pairwisefst-method.Rd:10): Warning: missing </ul> before </div>
show-pooldata-method.html:47:1 (show-pooldata-method.Rd:10): Warning: missing </ul> before </div>
Flavors: r-devel-linux-x86_64-debian-clang, r-devel-linux-x86_64-debian-gcc
Version: 3.0.0
Check: installed package size
Result: NOTE
installed size is 5.6Mb
sub-directories of 1Mb or more:
libs 3.1Mb
Flavor: r-oldrel-macos-arm64