Last updated on 2025-10-21 17:49:57 CEST.
Flavor | Version | Tinstall | Tcheck | Ttotal | Status | Flags |
---|---|---|---|---|---|---|
r-devel-linux-x86_64-debian-clang | 0.4.2 | 12.21 | 76.06 | 88.27 | NOTE | |
r-devel-linux-x86_64-debian-gcc | 0.4.2 | 8.77 | 54.38 | 63.15 | NOTE | |
r-devel-linux-x86_64-fedora-clang | 0.4.2 | 32.00 | 107.96 | 139.96 | OK | |
r-devel-linux-x86_64-fedora-gcc | 0.4.2 | 33.00 | 112.45 | 145.45 | OK | |
r-devel-windows-x86_64 | 0.4.2 | 19.00 | 98.00 | 117.00 | OK | |
r-patched-linux-x86_64 | 0.4.2 | 14.13 | 69.79 | 83.92 | OK | |
r-release-linux-x86_64 | 0.4.2 | 12.48 | 69.55 | 82.03 | OK | |
r-release-macos-arm64 | 0.4.2 | 6.00 | 71.00 | 77.00 | OK | |
r-release-macos-x86_64 | 0.4.2 | 10.00 | 92.00 | 102.00 | OK | |
r-release-windows-x86_64 | 0.4.2 | 20.00 | 99.00 | 119.00 | OK | |
r-oldrel-macos-arm64 | 0.4.2 | 6.00 | 71.00 | 77.00 | OK | |
r-oldrel-macos-x86_64 | 0.4.2 | 10.00 | 98.00 | 108.00 | OK | |
r-oldrel-windows-x86_64 | 0.4.2 | 23.00 | 118.00 | 141.00 | OK |
Version: 0.4.2
Check: HTML version of manual
Result: NOTE
Found the following HTML validation problems:
lifetab.html:263:1 (lifetab.Rd:183): Warning: <h3> anchor "ax" already defined
Flavors: r-devel-linux-x86_64-debian-clang, r-devel-linux-x86_64-debian-gcc