CRAN Package Check Results for Package postcards

Last updated on 2025-10-21 17:49:57 CEST.

Flavor Version Tinstall Tcheck Ttotal Status Flags
r-devel-linux-x86_64-debian-clang 0.2.3 1.63 20.67 22.30 NOTE
r-devel-linux-x86_64-debian-gcc 0.2.3 1.38 17.11 18.49 NOTE
r-devel-linux-x86_64-fedora-clang 0.2.3 31.41 OK
r-devel-linux-x86_64-fedora-gcc 0.2.3 30.03 OK
r-devel-windows-x86_64 0.2.3 4.00 42.00 46.00 OK
r-patched-linux-x86_64 0.2.3 1.75 18.69 20.44 OK
r-release-linux-x86_64 0.2.3 1.78 18.52 20.30 OK
r-release-macos-arm64 0.2.3 1.00 16.00 17.00 OK
r-release-macos-x86_64 0.2.3 2.00 23.00 25.00 OK
r-release-windows-x86_64 0.2.3 4.00 40.00 44.00 OK
r-oldrel-macos-arm64 0.2.3 1.00 14.00 15.00 OK
r-oldrel-macos-x86_64 0.2.3 2.00 19.00 21.00 OK
r-oldrel-windows-x86_64 0.2.3 4.00 42.00 46.00 OK

Check Details

Version: 0.2.3
Check: HTML version of manual
Result: NOTE Found the following HTML validation problems: jolla.html:66:1 (jolla.Rd:30): Warning: missing </ul> before </div> Flavors: r-devel-linux-x86_64-debian-clang, r-devel-linux-x86_64-debian-gcc