Last updated on 2025-10-22 23:50:06 CEST.
Flavor | Version | Tinstall | Tcheck | Ttotal | Status | Flags |
---|---|---|---|---|---|---|
r-devel-linux-x86_64-debian-clang | 0.1-19 | 33.78 | 221.51 | 255.29 | NOTE | |
r-devel-linux-x86_64-debian-gcc | 0.1-19 | 18.36 | 135.20 | 153.56 | OK | |
r-devel-linux-x86_64-fedora-clang | 0.1-19 | 75.00 | 322.08 | 397.08 | OK | |
r-devel-linux-x86_64-fedora-gcc | 0.1-19 | 71.00 | 308.45 | 379.45 | OK | |
r-devel-windows-x86_64 | 0.1-19 | 30.00 | 178.00 | 208.00 | OK | |
r-patched-linux-x86_64 | 0.1-19 | 30.90 | 208.70 | 239.60 | OK | |
r-release-linux-x86_64 | 0.1-19 | 29.45 | 212.06 | 241.51 | OK | |
r-release-macos-arm64 | 0.1-19 | 14.00 | 99.00 | 113.00 | OK | |
r-release-macos-x86_64 | 0.1-19 | 30.00 | 187.00 | 217.00 | OK | |
r-release-windows-x86_64 | 0.1-19 | 29.00 | 179.00 | 208.00 | OK | |
r-oldrel-macos-arm64 | 0.1-19 | 11.00 | 92.00 | 103.00 | NOTE | |
r-oldrel-macos-x86_64 | 0.1-19 | 28.00 | 173.00 | 201.00 | NOTE | |
r-oldrel-windows-x86_64 | 0.1-19 | 41.00 | 239.00 | 280.00 | NOTE |
Version: 0.1-19
Check: HTML version of manual
Result: NOTE
Found the following HTML validation problems:
plot.html:88:1 (plot.Rd:32): Warning: missing </ul> before </div>
Flavor: r-devel-linux-x86_64-debian-clang
Version: 0.1-19
Check: installed package size
Result: NOTE
installed size is 5.9Mb
sub-directories of 1Mb or more:
R 4.5Mb
Flavors: r-oldrel-macos-arm64, r-oldrel-macos-x86_64, r-oldrel-windows-x86_64