Last updated on 2025-10-24 05:50:52 CEST.
| Flavor | Version | Tinstall | Tcheck | Ttotal | Status | Flags |
|---|---|---|---|---|---|---|
| r-devel-linux-x86_64-debian-clang | 1.0.0 | 1.89 | 22.53 | 24.42 | NOTE | |
| r-devel-linux-x86_64-debian-gcc | 1.0.0 | 1.32 | 18.48 | 19.80 | NOTE | |
| r-devel-linux-x86_64-fedora-clang | 1.0.0 | 34.34 | NOTE | |||
| r-devel-linux-x86_64-fedora-gcc | 1.0.0 | 34.88 | NOTE | |||
| r-devel-windows-x86_64 | 1.0.0 | 4.00 | 42.00 | 46.00 | NOTE | |
| r-patched-linux-x86_64 | 1.0.0 | 1.97 | 20.44 | 22.41 | NOTE | |
| r-release-linux-x86_64 | 1.0.0 | 1.81 | 20.50 | 22.31 | NOTE | |
| r-release-macos-arm64 | 1.0.0 | 1.00 | 16.00 | 17.00 | NOTE | |
| r-release-macos-x86_64 | 1.0.0 | 2.00 | 23.00 | 25.00 | NOTE | |
| r-release-windows-x86_64 | 1.0.0 | 4.00 | 41.00 | 45.00 | NOTE | |
| r-oldrel-macos-arm64 | 1.0.0 | 1.00 | 16.00 | 17.00 | OK | |
| r-oldrel-macos-x86_64 | 1.0.0 | 2.00 | 26.00 | 28.00 | OK | |
| r-oldrel-windows-x86_64 | 1.0.0 | 5.00 | 47.00 | 52.00 | OK |
Version: 1.0.0
Check: DESCRIPTION meta-information
Result: NOTE
Missing dependency on R >= 4.1.0 because package code uses the pipe
|> or function shorthand \(...) syntax added in R 4.1.0.
File(s) using such syntax:
‘complete_chat.R’ ‘complete_prompt.R’ ‘format_prompt.R’
Flavors: r-devel-linux-x86_64-debian-clang, r-devel-linux-x86_64-debian-gcc, r-devel-linux-x86_64-fedora-clang, r-devel-linux-x86_64-fedora-gcc, r-devel-windows-x86_64, r-patched-linux-x86_64, r-release-linux-x86_64, r-release-macos-arm64, r-release-macos-x86_64, r-release-windows-x86_64