Last updated on 2025-10-21 17:49:58 CEST.
Flavor | Version | Tinstall | Tcheck | Ttotal | Status | Flags |
---|---|---|---|---|---|---|
r-devel-linux-x86_64-debian-clang | 2.3.1 | 45.40 | 28.84 | 74.24 | NOTE | |
r-devel-linux-x86_64-debian-gcc | 2.3.1 | 34.47 | 23.22 | 57.69 | NOTE | |
r-devel-linux-x86_64-fedora-clang | 2.3.1 | 107.00 | 30.00 | 137.00 | OK | |
r-devel-linux-x86_64-fedora-gcc | 2.3.1 | 224.00 | -77.03 | 146.97 | OK | |
r-devel-windows-x86_64 | 2.3.1 | 61.00 | 85.00 | 146.00 | OK | |
r-patched-linux-x86_64 | 2.3.1 | 43.56 | 27.77 | 71.33 | OK | |
r-release-linux-x86_64 | 2.3.1 | 45.46 | 27.75 | 73.21 | OK | |
r-release-macos-arm64 | 2.3.1 | 21.00 | 20.00 | 41.00 | OK | |
r-release-macos-x86_64 | 2.3.1 | 21.00 | 27.00 | 48.00 | OK | |
r-release-windows-x86_64 | 2.3.1 | 63.00 | 78.00 | 141.00 | OK | |
r-oldrel-macos-arm64 | 2.3.1 | 21.00 | 25.00 | 46.00 | NOTE | |
r-oldrel-macos-x86_64 | 2.3.1 | 30.00 | 41.00 | 71.00 | NOTE | |
r-oldrel-windows-x86_64 | 2.3.1 | 61.00 | 98.00 | 159.00 | OK |
Version: 2.3.1
Check: HTML version of manual
Result: NOTE
Found the following HTML validation problems:
geobuf.html:69:1 (geobuf.Rd:25): Warning: missing </ul> before </div>
mapbox.html:63:1 (mapbox.Rd:23): Warning: missing </ul> before </div>
Flavors: r-devel-linux-x86_64-debian-clang, r-devel-linux-x86_64-debian-gcc
Version: 2.3.1
Check: installed package size
Result: NOTE
installed size is 22.1Mb
sub-directories of 1Mb or more:
libs 22.0Mb
Flavors: r-oldrel-macos-arm64, r-oldrel-macos-x86_64