Last updated on 2025-10-24 11:50:54 CEST.
| Flavor | Version | Tinstall | Tcheck | Ttotal | Status | Flags |
|---|---|---|---|---|---|---|
| r-devel-linux-x86_64-debian-clang | 1.5.1 | 2.11 | 24.68 | 26.79 | OK | |
| r-devel-linux-x86_64-debian-gcc | 1.5.1 | 1.67 | 19.87 | 21.54 | OK | |
| r-devel-linux-x86_64-fedora-clang | 1.5.1 | 43.48 | OK | |||
| r-devel-linux-x86_64-fedora-gcc | 1.5.1 | 57.36 | OK | |||
| r-devel-windows-x86_64 | 1.5.1 | 3.00 | 44.00 | 47.00 | OK | |
| r-patched-linux-x86_64 | 1.5.1 | 1.29 | 23.47 | 24.76 | OK | |
| r-release-linux-x86_64 | 1.5.1 | 2.16 | 23.43 | 25.59 | OK | |
| r-release-macos-arm64 | 1.5.1 | 1.00 | 29.00 | 30.00 | OK | |
| r-release-macos-x86_64 | 1.5.1 | 2.00 | 37.00 | 39.00 | OK | |
| r-release-windows-x86_64 | 1.5.1 | 3.00 | 45.00 | 48.00 | OK | |
| r-oldrel-macos-arm64 | 1.5.1 | 1.00 | 83.00 | 84.00 | NOTE | |
| r-oldrel-macos-x86_64 | 1.5.1 | 2.00 | 34.00 | 36.00 | NOTE | |
| r-oldrel-windows-x86_64 | 1.5.1 | 4.00 | 52.00 | 56.00 | NOTE |
Version: 1.5.1
Check: package dependencies
Result: NOTE
Package suggested but not available for checking: ‘rdt’
Flavors: r-oldrel-macos-arm64, r-oldrel-macos-x86_64, r-oldrel-windows-x86_64