CRAN Package Check Results for Package proverbs

Last updated on 2025-10-21 17:49:58 CEST.

Flavor Version Tinstall Tcheck Ttotal Status Flags
r-devel-linux-x86_64-debian-clang 0.4.0 1.35 28.55 29.90 NOTE
r-devel-linux-x86_64-debian-gcc 0.4.0 1.50 23.30 24.80 NOTE
r-devel-linux-x86_64-fedora-clang 0.4.0 44.26 NOTE
r-devel-linux-x86_64-fedora-gcc 0.4.0 59.58 NOTE
r-devel-windows-x86_64 0.4.0 4.00 45.00 49.00 NOTE
r-patched-linux-x86_64 0.4.0 1.46 25.50 26.96 NOTE
r-release-linux-x86_64 0.4.0 1.68 25.40 27.08 NOTE
r-release-macos-arm64 0.4.0 1.00 30.00 31.00 NOTE
r-release-macos-x86_64 0.4.0 2.00 42.00 44.00 NOTE
r-release-windows-x86_64 0.4.0 5.00 46.00 51.00 NOTE
r-oldrel-macos-arm64 0.4.0 1.00 23.00 24.00 OK
r-oldrel-macos-x86_64 0.4.0 1.00 33.00 34.00 OK
r-oldrel-windows-x86_64 0.4.0 5.00 53.00 58.00 OK

Check Details

Version: 0.4.0
Check: DESCRIPTION meta-information
Result: NOTE Missing dependency on R >= 4.1.0 because package code uses the pipe |> or function shorthand \(...) syntax added in R 4.1.0. File(s) using such syntax: ‘get_proverbs.R’ Flavors: r-devel-linux-x86_64-debian-clang, r-devel-linux-x86_64-debian-gcc, r-devel-linux-x86_64-fedora-clang, r-devel-linux-x86_64-fedora-gcc, r-devel-windows-x86_64, r-patched-linux-x86_64, r-release-linux-x86_64, r-release-macos-arm64, r-release-macos-x86_64, r-release-windows-x86_64