Last updated on 2025-10-22 05:51:22 CEST.
Flavor | Version | Tinstall | Tcheck | Ttotal | Status | Flags |
---|---|---|---|---|---|---|
r-devel-linux-x86_64-debian-clang | 2.1.2 | 29.88 | 100.48 | 130.36 | NOTE | |
r-devel-linux-x86_64-debian-gcc | 2.1.2 | 21.30 | 74.10 | 95.40 | NOTE | |
r-devel-linux-x86_64-fedora-clang | 2.1.2 | 69.00 | 134.09 | 203.09 | OK | |
r-devel-linux-x86_64-fedora-gcc | 2.1.2 | 72.00 | 145.07 | 217.07 | OK | |
r-devel-windows-x86_64 | 2.1.2 | 36.00 | 190.00 | 226.00 | OK | |
r-patched-linux-x86_64 | 2.1.2 | 31.37 | 96.99 | 128.36 | OK | |
r-release-linux-x86_64 | 2.1.2 | 32.50 | 95.56 | 128.06 | OK | |
r-release-macos-arm64 | 2.1.2 | 14.00 | 96.00 | 110.00 | OK | |
r-release-macos-x86_64 | 2.1.2 | 20.00 | 144.00 | 164.00 | OK | |
r-release-windows-x86_64 | 2.1.2 | 36.00 | 187.00 | 223.00 | OK | |
r-oldrel-macos-arm64 | 2.1.2 | 13.00 | 92.00 | 105.00 | NOTE | |
r-oldrel-macos-x86_64 | 2.1.2 | 18.00 | 149.00 | 167.00 | NOTE | |
r-oldrel-windows-x86_64 | 2.1.2 | 46.00 | 207.00 | 253.00 | OK |
Version: 2.1.2
Check: HTML version of manual
Result: NOTE
Found the following HTML validation problems:
rcpp_ctap_simple.html:50:1 (rcpp_ctap_simple.Rd:12): Warning: missing </ul> before </div>
Flavors: r-devel-linux-x86_64-debian-clang, r-devel-linux-x86_64-debian-gcc
Version: 2.1.2
Check: installed package size
Result: NOTE
installed size is 5.2Mb
sub-directories of 1Mb or more:
doc 1.6Mb
libs 3.0Mb
Flavors: r-oldrel-macos-arm64, r-oldrel-macos-x86_64