Last updated on 2025-10-21 17:49:58 CEST.
Flavor | Version | Tinstall | Tcheck | Ttotal | Status | Flags |
---|---|---|---|---|---|---|
r-devel-linux-x86_64-debian-clang | 3.0.2 | 12.91 | 122.56 | 135.47 | NOTE | |
r-devel-linux-x86_64-debian-gcc | 3.0.2 | 9.57 | 85.76 | 95.33 | NOTE | |
r-devel-linux-x86_64-fedora-clang | 3.0.2 | 31.00 | 172.84 | 203.84 | OK | |
r-devel-linux-x86_64-fedora-gcc | 3.0.2 | 29.00 | 181.11 | 210.11 | OK | |
r-devel-windows-x86_64 | 3.0.2 | 14.00 | 126.00 | 140.00 | OK | |
r-patched-linux-x86_64 | 3.0.2 | 12.60 | 112.11 | 124.71 | OK | |
r-release-linux-x86_64 | 3.0.2 | 13.41 | 111.87 | 125.28 | OK | |
r-release-macos-arm64 | 3.0.2 | 5.00 | 51.00 | 56.00 | OK | |
r-release-macos-x86_64 | 3.0.2 | 10.00 | 95.00 | 105.00 | OK | |
r-release-windows-x86_64 | 3.0.2 | 15.00 | 127.00 | 142.00 | OK | |
r-oldrel-macos-arm64 | 3.0.2 | 5.00 | 49.00 | 54.00 | OK | |
r-oldrel-macos-x86_64 | 3.0.2 | 7.00 | 72.00 | 79.00 | OK | |
r-oldrel-windows-x86_64 | 3.0.2 | 22.00 | 160.00 | 182.00 | OK |
Version: 3.0.2
Check: HTML version of manual
Result: NOTE
Found the following HTML validation problems:
requiredPackages.html:63:1 (requiredPackages.Rd:21): Warning: missing </ul> before </div>
Flavors: r-devel-linux-x86_64-debian-clang, r-devel-linux-x86_64-debian-gcc