CRAN Package Check Results for Package psyphy

Last updated on 2025-10-24 11:50:55 CEST.

Flavor Version Tinstall Tcheck Ttotal Status Flags
r-devel-linux-x86_64-debian-clang 0.3 2.46 29.79 32.25 NOTE
r-devel-linux-x86_64-debian-gcc 0.3 1.84 21.68 23.52 NOTE
r-devel-linux-x86_64-fedora-clang 0.3 48.05 OK
r-devel-linux-x86_64-fedora-gcc 0.3 44.94 OK
r-devel-windows-x86_64 0.3 3.00 47.00 50.00 OK
r-patched-linux-x86_64 0.3 2.83 27.48 30.31 OK
r-release-linux-x86_64 0.3 2.47 27.42 29.89 OK
r-release-macos-arm64 0.3 2.00 18.00 20.00 OK
r-release-macos-x86_64 0.3 2.00 27.00 29.00 OK
r-release-windows-x86_64 0.3 4.00 50.00 54.00 OK
r-oldrel-macos-arm64 0.3 2.00 18.00 20.00 OK
r-oldrel-macos-x86_64 0.3 3.00 34.00 37.00 OK
r-oldrel-windows-x86_64 0.3 4.00 68.00 72.00 OK

Check Details

Version: 0.3
Check: CRAN incoming feasibility
Result: NOTE Maintainer: ‘Ken Knoblauch <ken.knoblauch@inserm.fr>’ No Authors@R field in DESCRIPTION. Please add one, modifying Authors@R: c(person(given = "Kenneth", family = "Knoblauch", role = "aut"), person(given = "Ken", family = "Knoblauch", role = "cre", email = "ken.knoblauch@inserm.fr")) as necessary. Flavors: r-devel-linux-x86_64-debian-clang, r-devel-linux-x86_64-debian-gcc