Last updated on 2025-10-24 18:50:04 CEST.
| Flavor | Version | Tinstall | Tcheck | Ttotal | Status | Flags |
|---|---|---|---|---|---|---|
| r-devel-linux-x86_64-debian-clang | 1.0.0 | 1.59 | 18.29 | 19.88 | NOTE | |
| r-devel-linux-x86_64-debian-gcc | 1.0.0 | 1.33 | 15.31 | 16.64 | NOTE | |
| r-devel-linux-x86_64-fedora-clang | 1.0.0 | 29.21 | OK | |||
| r-devel-linux-x86_64-fedora-gcc | 1.0.0 | 29.65 | OK | |||
| r-devel-windows-x86_64 | 1.0.0 | 2.00 | 37.00 | 39.00 | OK | |
| r-patched-linux-x86_64 | 1.0.0 | 1.63 | 17.47 | 19.10 | OK | |
| r-release-linux-x86_64 | 1.0.0 | 1.48 | 17.51 | 18.99 | OK | |
| r-release-macos-arm64 | 1.0.0 | 1.00 | 15.00 | 16.00 | OK | |
| r-release-macos-x86_64 | 1.0.0 | 2.00 | 27.00 | 29.00 | OK | |
| r-release-windows-x86_64 | 1.0.0 | 2.00 | 39.00 | 41.00 | OK | |
| r-oldrel-macos-arm64 | 1.0.0 | 1.00 | 14.00 | 15.00 | NOTE | |
| r-oldrel-macos-x86_64 | 1.0.0 | 2.00 | 18.00 | 20.00 | NOTE | |
| r-oldrel-windows-x86_64 | 1.0.0 | 3.00 | 42.00 | 45.00 | NOTE |
Version: 1.0.0
Check: CRAN incoming feasibility
Result: NOTE
Maintainer: ‘Philip D. Waggoner <philip.waggoner@gmail.com>’
No Authors@R field in DESCRIPTION.
Please add one, modifying
Authors@R: person(given = c("Philip", "D."),
family = "Waggoner",
role = c("aut", "cre"),
email = "philip.waggoner@gmail.com")
as necessary.
Flavors: r-devel-linux-x86_64-debian-clang, r-devel-linux-x86_64-debian-gcc
Version: 1.0.0
Check: LazyData
Result: NOTE
'LazyData' is specified without a 'data' directory
Flavors: r-oldrel-macos-arm64, r-oldrel-macos-x86_64, r-oldrel-windows-x86_64