Last updated on 2025-10-22 11:51:21 CEST.
Flavor | Version | Tinstall | Tcheck | Ttotal | Status | Flags |
---|---|---|---|---|---|---|
r-devel-linux-x86_64-debian-clang | 1.1.0 | 7.25 | 108.91 | 116.16 | NOTE | |
r-devel-linux-x86_64-debian-gcc | 1.1.0 | 5.59 | 74.50 | 80.09 | NOTE | |
r-devel-linux-x86_64-fedora-clang | 1.1.0 | 19.00 | 163.68 | 182.68 | OK | |
r-devel-linux-x86_64-fedora-gcc | 1.1.0 | 39.00 | 157.11 | 196.11 | OK | |
r-devel-windows-x86_64 | 1.1.0 | 16.00 | 114.00 | 130.00 | OK | |
r-patched-linux-x86_64 | 1.1.0 | 9.76 | 102.72 | 112.48 | OK | |
r-release-linux-x86_64 | 1.1.0 | 7.52 | 101.77 | 109.29 | OK | |
r-release-macos-arm64 | 1.1.0 | 6.00 | 50.00 | 56.00 | OK | |
r-release-macos-x86_64 | 1.1.0 | 7.00 | 144.00 | 151.00 | OK | |
r-release-windows-x86_64 | 1.1.0 | 17.00 | 117.00 | 134.00 | OK | |
r-oldrel-macos-arm64 | 1.1.0 | 5.00 | 56.00 | 61.00 | OK | |
r-oldrel-macos-x86_64 | 1.1.0 | 9.00 | 161.00 | 170.00 | OK | |
r-oldrel-windows-x86_64 | 1.1.0 | 19.00 | 141.00 | 160.00 | OK |
Version: 1.1.0
Check: HTML version of manual
Result: NOTE
Found the following HTML validation problems:
get-attr.html:54:1 (get-attr.Rd:13): Warning: missing </ul> before </div>
progress_bars.html:117:1 (progress_bars.Rd:56): Warning: missing </ul> before </div>
reduce_right.html:111:1 (reduce_right.Rd:50): Warning: missing </ul> before </div>
update_list.html:66:1 (update_list.Rd:20): Warning: missing </ul> before </div>
Flavors: r-devel-linux-x86_64-debian-clang, r-devel-linux-x86_64-debian-gcc