Last updated on 2025-10-22 17:49:48 CEST.
Flavor | Version | Tinstall | Tcheck | Ttotal | Status | Flags |
---|---|---|---|---|---|---|
r-devel-linux-x86_64-debian-clang | 1.0.0 | 10.17 | 132.58 | 142.75 | NOTE | |
r-devel-linux-x86_64-debian-gcc | 1.0.0 | 7.48 | 98.01 | 105.49 | NOTE | |
r-devel-linux-x86_64-fedora-clang | 1.0.0 | 30.00 | 200.57 | 230.57 | OK | |
r-devel-linux-x86_64-fedora-gcc | 1.0.0 | 39.00 | 197.42 | 236.42 | OK | |
r-devel-windows-x86_64 | 1.0.0 | 11.00 | 133.00 | 144.00 | OK | |
r-patched-linux-x86_64 | 1.0.0 | 10.19 | 133.35 | 143.54 | OK | |
r-release-linux-x86_64 | 1.0.0 | 8.42 | 130.23 | 138.65 | OK | |
r-release-macos-arm64 | 1.0.0 | 5.00 | 65.00 | 70.00 | OK | |
r-release-macos-x86_64 | 1.0.0 | 10.00 | 141.00 | 151.00 | OK | |
r-release-windows-x86_64 | 1.0.0 | 12.00 | 137.00 | 149.00 | OK | |
r-oldrel-macos-arm64 | 1.0.0 | 5.00 | 74.00 | 79.00 | OK | |
r-oldrel-macos-x86_64 | 1.0.0 | 10.00 | 138.00 | 148.00 | OK | |
r-oldrel-windows-x86_64 | 1.0.0 | 14.00 | 174.00 | 188.00 | OK |
Version: 1.0.0
Check: HTML version of manual
Result: NOTE
Found the following HTML validation problems:
nested_data.html:68:1 (nested_data.Rd:21): Warning: missing </ul> before </div>
sim_normal.no.nesting.html:67:1 (sim_normal.no.nesting.Rd:21): Warning: missing </ul> before </div>
sim_normal.with.nesting.html:70:1 (sim_normal.with.nesting.Rd:23): Warning: missing </ul> before </div>
sim_poisson.no.nesting.html:67:1 (sim_poisson.no.nesting.Rd:21): Warning: missing </ul> before </div>
sim_tetrads.html:65:1 (sim_tetrads.Rd:20): Warning: missing </ul> before </div>
Flavors: r-devel-linux-x86_64-debian-clang, r-devel-linux-x86_64-debian-gcc