Last updated on 2025-10-24 18:50:04 CEST.
| Flavor | Version | Tinstall | Tcheck | Ttotal | Status | Flags |
|---|---|---|---|---|---|---|
| r-devel-linux-x86_64-debian-clang | 0.3.0 | 2.01 | 26.60 | 28.61 | OK | |
| r-devel-linux-x86_64-debian-gcc | 0.3.0 | 1.14 | 21.95 | 23.09 | OK | |
| r-devel-linux-x86_64-fedora-clang | 0.3.0 | 15.00 | 32.07 | 47.07 | OK | |
| r-devel-linux-x86_64-fedora-gcc | 0.3.0 | 56.80 | OK | |||
| r-devel-windows-x86_64 | 0.3.0 | 3.00 | 45.00 | 48.00 | OK | |
| r-patched-linux-x86_64 | 0.3.0 | 1.98 | 25.28 | 27.26 | OK | |
| r-release-linux-x86_64 | 0.3.0 | 1.94 | 25.25 | 27.19 | OK | |
| r-release-macos-arm64 | 0.3.0 | 1.00 | 34.00 | 35.00 | OK | |
| r-release-macos-x86_64 | 0.3.0 | 2.00 | 40.00 | 42.00 | OK | |
| r-release-windows-x86_64 | 0.3.0 | 3.00 | 46.00 | 49.00 | OK | |
| r-oldrel-macos-arm64 | 0.3.0 | 1.00 | 24.00 | 25.00 | NOTE | |
| r-oldrel-macos-x86_64 | 0.3.0 | 2.00 | 31.00 | 33.00 | NOTE | |
| r-oldrel-windows-x86_64 | 0.3.0 | 4.00 | 54.00 | 58.00 | NOTE |
Version: 0.3.0
Check: LazyData
Result: NOTE
'LazyData' is specified without a 'data' directory
Flavors: r-oldrel-macos-arm64, r-oldrel-macos-x86_64, r-oldrel-windows-x86_64