Last updated on 2024-05-25 09:48:32 CEST.
Flavor | Version | Tinstall | Tcheck | Ttotal | Status | Flags |
---|---|---|---|---|---|---|
r-devel-linux-x86_64-debian-clang | 1.1 | 18.60 | 176.30 | 194.90 | OK | |
r-devel-linux-x86_64-debian-gcc | 1.1 | 13.62 | 130.15 | 143.77 | OK | |
r-devel-linux-x86_64-fedora-clang | 1.1 | 250.41 | NOTE | |||
r-devel-linux-x86_64-fedora-gcc | 1.1 | 255.64 | OK | |||
r-devel-windows-x86_64 | 1.1 | 15.00 | 146.00 | 161.00 | OK | |
r-patched-linux-x86_64 | 1.1 | 18.52 | 166.97 | 185.49 | OK | |
r-release-linux-x86_64 | 1.1 | 16.21 | 168.89 | 185.10 | OK | |
r-release-macos-arm64 | 1.1 | 80.00 | OK | |||
r-release-windows-x86_64 | 1.1 | 15.00 | 146.00 | 161.00 | OK | |
r-oldrel-macos-arm64 | 1.1 | 83.00 | OK | |||
r-oldrel-macos-x86_64 | 1.1 | 148.00 | OK | |||
r-oldrel-windows-x86_64 | 1.1 | 21.00 | 189.00 | 210.00 | OK |
Version: 1.1
Check: whether startup messages can be suppressed
Result: NOTE
OMP: Warning #96: Cannot form a team with 24 threads, using 2 instead.
OMP: Hint Consider unsetting KMP_DEVICE_THREAD_LIMIT (KMP_ALL_THREADS), KMP_TEAMS_THREAD_LIMIT, and OMP_THREAD_LIMIT (if any are set).
It looks like this package (or a package it requires) has a startup
message which cannot be suppressed: see ?packageStartupMessage.
Flavor: r-devel-linux-x86_64-fedora-clang