CRAN Package Check Results for Package qiitr

Last updated on 2025-10-22 23:50:06 CEST.

Flavor Version Tinstall Tcheck Ttotal Status Flags
r-devel-linux-x86_64-debian-clang 0.1.1 1.82 24.25 26.07 NOTE
r-devel-linux-x86_64-debian-gcc 0.1.1 1.51 19.62 21.13 OK
r-devel-linux-x86_64-fedora-clang 0.1.1 39.45 OK
r-devel-linux-x86_64-fedora-gcc 0.1.1 35.43 OK
r-devel-windows-x86_64 0.1.1 3.00 42.00 45.00 OK
r-patched-linux-x86_64 0.1.1 2.22 21.88 24.10 OK
r-release-linux-x86_64 0.1.1 1.93 21.63 23.56 OK
r-release-macos-arm64 0.1.1 1.00 18.00 19.00 OK
r-release-macos-x86_64 0.1.1 2.00 47.00 49.00 OK
r-release-windows-x86_64 0.1.1 4.00 44.00 48.00 OK
r-oldrel-macos-arm64 0.1.1 1.00 14.00 15.00 NOTE
r-oldrel-macos-x86_64 0.1.1 2.00 23.00 25.00 NOTE
r-oldrel-windows-x86_64 0.1.1 4.00 48.00 52.00 NOTE

Check Details

Version: 0.1.1
Check: HTML version of manual
Result: NOTE Found the following HTML validation problems: qiita_api.html:83:1 (qiita_api.Rd:33): Warning: missing </ul> before </div> Flavor: r-devel-linux-x86_64-debian-clang

Version: 0.1.1
Check: LazyData
Result: NOTE 'LazyData' is specified without a 'data' directory Flavors: r-oldrel-macos-arm64, r-oldrel-macos-x86_64, r-oldrel-windows-x86_64