Last updated on 2025-10-22 23:50:06 CEST.
Flavor | Version | Tinstall | Tcheck | Ttotal | Status | Flags |
---|---|---|---|---|---|---|
r-devel-linux-x86_64-debian-clang | 0.0-18 | 13.12 | 190.66 | 203.78 | NOTE | |
r-devel-linux-x86_64-debian-gcc | 0.0-18 | 9.33 | 140.55 | 149.88 | OK | |
r-devel-linux-x86_64-fedora-clang | 0.0-18 | 37.00 | 273.31 | 310.31 | OK | |
r-devel-linux-x86_64-fedora-gcc | 0.0-18 | 36.00 | 289.93 | 325.93 | OK | |
r-devel-windows-x86_64 | 0.0-18 | 18.00 | 198.00 | 216.00 | OK | |
r-patched-linux-x86_64 | 0.0-18 | 14.15 | 185.58 | 199.73 | OK | |
r-release-linux-x86_64 | 0.0-18 | 12.18 | 183.30 | 195.48 | OK | |
r-release-macos-arm64 | 0.0-18 | 7.00 | 85.00 | 92.00 | OK | |
r-release-macos-x86_64 | 0.0-18 | 14.00 | 174.00 | 188.00 | OK | |
r-release-windows-x86_64 | 0.0-18 | 18.00 | 199.00 | 217.00 | OK | |
r-oldrel-macos-arm64 | 0.0-18 | 7.00 | 88.00 | 95.00 | OK | |
r-oldrel-macos-x86_64 | 0.0-18 | 12.00 | 168.00 | 180.00 | OK | |
r-oldrel-windows-x86_64 | 0.0-18 | 22.00 | 253.00 | 275.00 | OK |
Version: 0.0-18
Check: top-level files
Result: NOTE
Found the following validation problem for the NEWS.Rd HTML conversion:
NEWS.html:159:1 (inst/NEWS.Rd:73): Warning: missing </ul> before </div>
NEWS.html:43:1 (inst/NEWS.Rd:17): Warning: <h4> anchor "New-Features" already defined
NEWS.html:58:1 (inst/NEWS.Rd:25): Warning: <h4> anchor "New-Features" already defined
NEWS.html:73:1 (inst/NEWS.Rd:33): Warning: <h4> anchor "New-Features" already defined
NEWS.html:89:1 (inst/NEWS.Rd:42): Warning: <h4> anchor "New-Features" already defined
NEWS.html:118:1 (inst/NEWS.Rd:58): Warning: <h4> anchor "New-Features" already defined
NEWS.html:145:1 (inst/NEWS.Rd:69): Warning: <h4> anchor "Bug-Fixes" already defined
Flavor: r-devel-linux-x86_64-debian-clang