Last updated on 2025-10-21 11:53:35 CEST.
Flavor | Version | Tinstall | Tcheck | Ttotal | Status | Flags |
---|---|---|---|---|---|---|
r-devel-linux-x86_64-debian-clang | 0.1.5 | 35.05 | 46.96 | 82.01 | NOTE | |
r-devel-linux-x86_64-debian-gcc | 0.1.5 | 24.29 | 37.10 | 61.39 | NOTE | |
r-devel-linux-x86_64-fedora-clang | 0.1.5 | 125.79 | OK | |||
r-devel-linux-x86_64-fedora-gcc | 0.1.5 | 98.00 | 47.15 | 145.15 | OK | |
r-devel-windows-x86_64 | 0.1.5 | 95.00 | 98.00 | 193.00 | OK | |
r-patched-linux-x86_64 | 0.1.5 | 33.57 | 42.90 | 76.47 | OK | |
r-release-linux-x86_64 | 0.1.5 | 35.09 | 42.82 | 77.91 | OK | |
r-release-macos-arm64 | 0.1.5 | 72.00 | NOTE | |||
r-release-macos-x86_64 | 0.1.5 | 49.00 | 57.00 | 106.00 | NOTE | |
r-release-windows-x86_64 | 0.1.5 | 102.00 | 104.00 | 206.00 | OK | |
r-oldrel-macos-arm64 | 0.1.5 | 96.00 | NOTE | |||
r-oldrel-macos-x86_64 | 0.1.5 | 148.00 | NOTE | |||
r-oldrel-windows-x86_64 | 0.1.5 | 134.00 | 119.00 | 253.00 | NOTE |
Version: 0.1.5
Check: HTML version of manual
Result: NOTE
Found the following HTML validation problems:
catquo.html:46:1 (catquo.Rd:10): Warning: missing </ul> before </div>
Flavors: r-devel-linux-x86_64-debian-clang, r-devel-linux-x86_64-debian-gcc
Version: 0.1.5
Check: compiled code
Result: NOTE
File ‘qs2/libs/qs2.so’:
Found ‘___stderrp’, possibly from ‘stderr’ (C)
Object: ‘libQSZSTD.a’
Compiled code should not call entry points which might terminate R nor
write to stdout/stderr instead of to the console, nor use Fortran I/O
nor system RNGs nor [v]sprintf.
See ‘Writing portable packages’ in the ‘Writing R Extensions’ manual.
Flavors: r-release-macos-arm64, r-release-macos-x86_64
Version: 0.1.5
Check: installed package size
Result: NOTE
installed size is 9.5Mb
sub-directories of 1Mb or more:
libs 9.3Mb
Flavors: r-oldrel-macos-arm64, r-oldrel-macos-x86_64
Version: 0.1.5
Check: for GNU extensions in Makefiles
Result: NOTE
GNU make is a SystemRequirements.
Flavors: r-oldrel-macos-arm64, r-oldrel-macos-x86_64, r-oldrel-windows-x86_64