CRAN Package Check Results for Package qtlc

Last updated on 2025-10-21 17:49:58 CEST.

Flavor Version Tinstall Tcheck Ttotal Status Flags
r-devel-linux-x86_64-debian-clang 1.0 4.69 43.50 48.19 NOTE
r-devel-linux-x86_64-debian-gcc 1.0 4.33 42.62 46.95 NOTE
r-devel-linux-x86_64-fedora-clang 1.0 13.00 62.10 75.10 OK
r-devel-linux-x86_64-fedora-gcc 1.0 12.00 60.05 72.05 OK
r-devel-windows-x86_64 1.0 7.00 58.00 65.00 OK
r-patched-linux-x86_64 1.0 3.44 36.11 39.55 OK
r-release-linux-x86_64 1.0 4.12 36.28 40.40 OK
r-release-macos-arm64 1.0 3.00 26.00 29.00 OK
r-release-macos-x86_64 1.0 6.00 45.00 51.00 OK
r-release-windows-x86_64 1.0 7.00 59.00 66.00 OK
r-oldrel-macos-arm64 1.0 3.00 26.00 29.00 OK
r-oldrel-macos-x86_64 1.0 4.00 41.00 45.00 OK
r-oldrel-windows-x86_64 1.0 6.00 66.00 72.00 OK

Check Details

Version: 1.0
Check: CRAN incoming feasibility
Result: NOTE Maintainer: ‘Ivan D. Pavicevic <ivanp84@gmail.com>’ No Authors@R field in DESCRIPTION. Please add one, modifying Authors@R: person(given = c("Ivan", "D."), family = "Pavicevic", role = c("aut", "cre"), email = "ivanp84@gmail.com") as necessary. Flavors: r-devel-linux-x86_64-debian-clang, r-devel-linux-x86_64-debian-gcc