Last updated on 2025-10-21 11:53:35 CEST.
Flavor | Version | Tinstall | Tcheck | Ttotal | Status | Flags |
---|---|---|---|---|---|---|
r-devel-linux-x86_64-debian-clang | 3.2.2 | 7.37 | 63.10 | 70.47 | NOTE | |
r-devel-linux-x86_64-debian-gcc | 3.2.2 | 5.61 | 45.08 | 50.69 | NOTE | |
r-devel-linux-x86_64-fedora-clang | 3.2.2 | 113.86 | OK | |||
r-devel-linux-x86_64-fedora-gcc | 3.2.2 | 18.00 | 100.03 | 118.03 | OK | |
r-devel-windows-x86_64 | 3.2.2 | 8.00 | 80.00 | 88.00 | OK | |
r-patched-linux-x86_64 | 3.2.2 | 7.94 | 59.51 | 67.45 | OK | |
r-release-linux-x86_64 | 3.2.2 | 6.80 | 58.72 | 65.52 | OK | |
r-release-macos-arm64 | 3.2.2 | 37.00 | OK | |||
r-release-macos-x86_64 | 3.2.2 | 5.00 | 77.00 | 82.00 | OK | |
r-release-windows-x86_64 | 3.2.2 | 12.00 | 83.00 | 95.00 | OK | |
r-oldrel-macos-arm64 | 3.2.2 | 44.00 | OK | |||
r-oldrel-macos-x86_64 | 3.2.2 | 75.00 | OK | |||
r-oldrel-windows-x86_64 | 3.2.2 | 10.00 | 99.00 | 109.00 | OK |
Version: 3.2.2
Check: HTML version of manual
Result: NOTE
Found the following HTML validation problems:
check_existing_download.html:54:1 (check_existing_download.Rd:14): Warning: missing </ul> before </div>
check_for_warnings.html:46:1 (check_for_warnings.Rd:10): Warning: missing </ul> before </div>
construct_header.html:47:1 (construct_header.Rd:11): Warning: missing </ul> before </div>
export_responses_filedownload.html:56:1 (export_responses_filedownload.Rd:15): Warning: missing </ul> before </div>
export_responses_request.html:60:1 (export_responses_request.Rd:17): Warning: missing </ul> before </div>
infer_data_types.html:54:1 (infer_data_types.Rd:14): Warning: missing </ul> before </div>
qualtrics_response_codes.html:46:1 (qualtrics_response_codes.Rd:10): Warning: missing </ul> before </div>
wrapper_mc.html:50:1 (wrapper_mc.Rd:12): Warning: missing </ul> before </div>
Flavors: r-devel-linux-x86_64-debian-clang, r-devel-linux-x86_64-debian-gcc