Last updated on 2025-10-22 11:51:21 CEST.
Flavor | Version | Tinstall | Tcheck | Ttotal | Status | Flags |
---|---|---|---|---|---|---|
r-devel-linux-x86_64-debian-clang | 4.3.1 | 154.60 | 272.94 | 427.54 | NOTE | |
r-devel-linux-x86_64-debian-gcc | 4.3.1 | 113.24 | 188.42 | 301.66 | NOTE | |
r-devel-linux-x86_64-fedora-clang | 4.3.1 | 251.00 | 476.22 | 727.22 | OK | |
r-devel-linux-x86_64-fedora-gcc | 4.3.1 | 226.00 | 531.41 | 757.41 | OK | |
r-devel-windows-x86_64 | 4.3.1 | 214.00 | 309.00 | 523.00 | OK | |
r-patched-linux-x86_64 | 4.3.1 | 178.20 | 261.43 | 439.63 | OK | |
r-release-linux-x86_64 | 4.3.1 | 174.49 | 259.16 | 433.65 | OK | |
r-release-macos-arm64 | 4.3.1 | 46.00 | 122.00 | 168.00 | OK | |
r-release-macos-x86_64 | 4.3.1 | 87.00 | 255.00 | 342.00 | OK | |
r-release-windows-x86_64 | 4.3.1 | 218.00 | 306.00 | 524.00 | OK | |
r-oldrel-macos-arm64 | 4.3.1 | 45.00 | 117.00 | 162.00 | NOTE | |
r-oldrel-macos-x86_64 | 4.3.1 | 92.00 | 250.00 | 342.00 | NOTE | |
r-oldrel-windows-x86_64 | 4.3.1 | 251.00 | 397.00 | 648.00 | OK |
Version: 4.3.1
Check: HTML version of manual
Result: NOTE
Found the following HTML validation problems:
apply_if.html:41:1 (apply_if.Rd:8): Warning: missing </ul> before </div>
attributes-set.html:54:1 (attributes-set.Rd:14): Warning: missing </ul> before </div>
check_dots.html:50:1 (check_dots.Rd:12): Warning: missing </ul> before </div>
escape_regex.html:47:1 (escape_regex.Rd:10): Warning: missing </ul> before </div>
field_system.html:64:1 (field_system.Rd:28): Warning: missing </ul> before </div>
get_docvars.html:62:1 (get_docvars.Rd:18): Warning: missing </ul> before </div>
is_glob.html:46:1 (is_glob.Rd:10): Warning: missing </ul> before </div>
is_indexed.html:47:1 (is_indexed.Rd:10): Warning: missing </ul> before </div>
is_regex.html:46:1 (is_regex.Rd:10): Warning: missing </ul> before </div>
list2dictionary.html:47:1 (list2dictionary.Rd:10): Warning: missing </ul> before </div>
make_docvars.html:60:1 (make_docvars.Rd:18): Warning: missing </ul> before </div>
make_meta.html:72:1 (make_meta.Rd:37): Warning: missing </ul> before </div>
matrix2dfm.html:50:1 (matrix2dfm.Rd:12): Warning: missing </ul> before </div>
matrix2fcm.html:46:1 (matrix2fcm.Rd:10): Warning: missing </ul> before </div>
message_corpus.html:46:1 (message_corpus.Rd:10): Warning: missing </ul> before </div>
message_dfm.html:46:1 (message_dfm.Rd:10): Warning: missing </ul> before </div>
message_error.html:46:1 (message_error.Rd:10): Warning: missing </ul> before </div>
message_tokens.html:46:1 (message_tokens.Rd:10): Warning: missing </ul> before </div>
names-quanteda.html:62:1 (names-quanteda.Rd:25): Warning: missing </ul> before </div>
print.phrases.html:51:1 (print.phrases.Rd:12): Warning: missing </ul> before </div>
remove_empty_keys.html:46:1 (remove_empty_keys.Rd:10): Warning: missing </ul> before </div>
reshape_docvars.html:59:1 (reshape_docvars.Rd:17): Warning: missing </ul> before </div>
split_values.html:54:1 (split_values.Rd:14): Warning: missing </ul> before </div>
tokens_restore.html:47:1 (tokens_restore.Rd:10): Warning: missing </ul> before </div>
Flavors: r-devel-linux-x86_64-debian-clang, r-devel-linux-x86_64-debian-gcc
Version: 4.3.1
Check: installed package size
Result: NOTE
installed size is 9.3Mb
sub-directories of 1Mb or more:
libs 6.8Mb
Flavors: r-oldrel-macos-arm64, r-oldrel-macos-x86_64