CRAN Package Check Results for Package quincunx

Last updated on 2025-10-21 17:49:58 CEST.

Flavor Version Tinstall Tcheck Ttotal Status Flags
r-devel-linux-x86_64-debian-clang 0.1.10 8.35 61.30 69.65 NOTE
r-devel-linux-x86_64-debian-gcc 0.1.10 5.62 43.32 48.94 NOTE
r-devel-linux-x86_64-fedora-clang 0.1.10 18.00 82.60 100.60 OK
r-devel-linux-x86_64-fedora-gcc 0.1.10 27.00 74.01 101.01 OK
r-devel-windows-x86_64 0.1.10 10.00 87.00 97.00 OK
r-patched-linux-x86_64 0.1.10 9.60 56.83 66.43 OK
r-release-linux-x86_64 0.1.10 8.17 55.94 64.11 OK
r-release-macos-arm64 0.1.10 3.00 32.00 35.00 OK
r-release-macos-x86_64 0.1.10 7.00 61.00 68.00 OK
r-release-windows-x86_64 0.1.10 12.00 89.00 101.00 OK
r-oldrel-macos-arm64 0.1.10 3.00 36.00 39.00 OK
r-oldrel-macos-x86_64 0.1.10 6.00 54.00 60.00 OK
r-oldrel-windows-x86_64 0.1.10 12.00 101.00 113.00 OK

Check Details

Version: 0.1.10
Check: HTML version of manual
Result: NOTE Found the following HTML validation problems: first_non_na.html:46:1 (first_non_na.Rd:10): Warning: missing </ul> before </div> Flavors: r-devel-linux-x86_64-debian-clang, r-devel-linux-x86_64-debian-gcc