Last updated on 2025-10-24 05:50:52 CEST.
| Flavor | Version | Tinstall | Tcheck | Ttotal | Status | Flags |
|---|---|---|---|---|---|---|
| r-devel-linux-x86_64-debian-clang | 0.1.3 | 3.06 | 40.12 | 43.18 | NOTE | |
| r-devel-linux-x86_64-debian-gcc | 0.1.3 | 2.08 | 30.44 | 32.52 | OK | |
| r-devel-linux-x86_64-fedora-clang | 0.1.3 | 63.75 | OK | |||
| r-devel-linux-x86_64-fedora-gcc | 0.1.3 | 12.00 | 52.14 | 64.14 | OK | |
| r-devel-windows-x86_64 | 0.1.3 | 4.00 | 57.00 | 61.00 | OK | |
| r-patched-linux-x86_64 | 0.1.3 | 2.99 | 36.93 | 39.92 | OK | |
| r-release-linux-x86_64 | 0.1.3 | 2.80 | 36.67 | 39.47 | OK | |
| r-release-macos-arm64 | 0.1.3 | 1.00 | 21.00 | 22.00 | OK | |
| r-release-macos-x86_64 | 0.1.3 | 2.00 | 36.00 | 38.00 | OK | |
| r-release-windows-x86_64 | 0.1.3 | 5.00 | 59.00 | 64.00 | OK | |
| r-oldrel-macos-arm64 | 0.1.3 | 2.00 | 26.00 | 28.00 | OK | |
| r-oldrel-macos-x86_64 | 0.1.3 | 2.00 | 52.00 | 54.00 | OK | |
| r-oldrel-windows-x86_64 | 0.1.3 | 6.00 | 67.00 | 73.00 | OK |
Version: 0.1.3
Check: HTML version of manual
Result: NOTE
Found the following HTML validation problems:
print.R2.html:51:1 (print.R2.Rd:12): Warning: missing </ul> before </div>
Flavor: r-devel-linux-x86_64-debian-clang