Last updated on 2025-10-21 11:53:36 CEST.
Flavor | Version | Tinstall | Tcheck | Ttotal | Status | Flags |
---|---|---|---|---|---|---|
r-devel-linux-x86_64-debian-clang | 0.3.0 | 38.14 | 222.76 | 260.90 | NOTE | |
r-devel-linux-x86_64-debian-gcc | 0.3.0 | 27.88 | 152.21 | 180.09 | NOTE | |
r-devel-linux-x86_64-fedora-clang | 0.3.0 | 377.56 | OK | |||
r-devel-linux-x86_64-fedora-gcc | 0.3.0 | 112.00 | 245.09 | 357.09 | OK | |
r-devel-windows-x86_64 | 0.3.0 | 48.00 | 209.00 | 257.00 | OK | |
r-patched-linux-x86_64 | 0.3.0 | 41.35 | 195.60 | 236.95 | OK | |
r-release-linux-x86_64 | 0.3.0 | 32.99 | 194.65 | 227.64 | OK | |
r-release-macos-arm64 | 0.3.0 | 78.00 | OK | |||
r-release-macos-x86_64 | 0.3.0 | 42.00 | 232.00 | 274.00 | OK | |
r-release-windows-x86_64 | 0.3.0 | 47.00 | 207.00 | 254.00 | OK | |
r-oldrel-macos-arm64 | 0.3.0 | 86.00 | OK | |||
r-oldrel-macos-x86_64 | 0.3.0 | 289.00 | OK | |||
r-oldrel-windows-x86_64 | 0.3.0 | 57.00 | 265.00 | 322.00 | OK |
Version: 0.3.0
Check: HTML version of manual
Result: NOTE
Found the following HTML validation problems:
ENARotationSet.html:138:1 (ENARotationSet.Rd:74): Warning: missing </ul> before </div>
ENARotationSet.html:115:1 (ENARotationSet.Rd:63): Warning: <h5> anchor "Usage" already defined
ENARotationSet.html:121:1 (ENARotationSet.Rd:67): Warning: <h5> anchor "Arguments" already defined
ENAdata.html:288:1 (ENAdata.Rd:179): Warning: missing </ul> before </div>
ENAdata.html:172:1 (ENAdata.Rd:115): Warning: <h5> anchor "Usage" already defined
ENAdata.html:178:1 (ENAdata.Rd:119): Warning: <h5> anchor "Returns" already defined
ENAdata.html:194:1 (ENAdata.Rd:128): Warning: <h5> anchor "Usage" already defined
ENAdata.html:200:1 (ENAdata.Rd:132): Warning: <h5> anchor "Arguments" already defined
ENAdata.html:213:1 (ENAdata.Rd:139): Warning: <h5> anchor "Returns" already defined
ENAdata.html:229:1 (ENAdata.Rd:148): Warning: <h5> anchor "Usage" already defined
ENAdata.html:235:1 (ENAdata.Rd:152): Warning: <h5> anchor "Arguments" already defined
ENAdata.html:248:1 (ENAdata.Rd:159): Warning: <h5> anchor "Returns" already defined
ENAdata.html:265:1 (ENAdata.Rd:168): Warning: <h5> anchor "Usage" already defined
ENAdata.html:271:1 (ENAdata.Rd:172): Warning: <h5> anchor "Arguments" already defined
ENAplot.html:176:1 (ENAplot.Rd:118): Warning: <h5> anchor "Usage" already defined
ENAplot.html:182:1 (ENAplot.Rd:122): Warning: <h5> anchor "Returns" already defined
ENAplot.html:197:1 (ENAplot.Rd:130): Warning: <h5> anchor "Usage" already defined
ENAplot.html:203:1 (ENAplot.Rd:134): Warning: <h5> anchor "Arguments" already defined
ENAplot.html:216:1 (ENAplot.Rd:141): Warning: <h5> anchor "Returns" already defined
ENAplot.html:233:1 (ENAplot.Rd:150): Warning: <h5> anchor "Usage" already defined
ENAplot.html:239:1 (ENAplot.Rd:154): Warning: <h5> anchor "Arguments" already defined
ENAset.html:254:1 (ENAset.Rd:162): Warning: missing </ul> before </div>
ENAset.html:173:1 (ENAset.Rd:118): Warning: <h5> anchor "Usage" already defined
ENAset.html:179:1 (ENAset.Rd:122): Warning: <h5> anchor "Returns" already defined
ENAset.html:195:1 (ENAset.Rd:131): Warning: <h5> anchor "Usage" already defined
ENAset.html:201:1 (ENAset.Rd:135): Warning: <h5> anchor "Arguments" already defined
ENAset.html:214:1 (ENAset.Rd:142): Warning: <h5> anchor "Returns" already defined
ENAset.html:231:1 (ENAset.Rd:151): Warning: <h5> anchor "Usage" already defined
ENAset.html:237:1 (ENAset.Rd:155): Warning: <h5> anchor "Arguments" already defined
combn_c2.html:46:1 (combn_c2.Rd:10): Warning: missing </ul> before </div>
ena_correlation.html:55:1 (ena_correlation.Rd:14): Warning: missing </ul> before </div>
methods_report.html:78:1 (methods_report.Rd:30): Warning: missing </ul> before </div>
methods_report_stream.html:78:1 (methods_report_stream.Rd:30): Warning: missing </ul> before </div>
Flavors: r-devel-linux-x86_64-debian-clang, r-devel-linux-x86_64-debian-gcc