Last updated on 2025-10-21 11:53:36 CEST.
Flavor | Version | Tinstall | Tcheck | Ttotal | Status | Flags |
---|---|---|---|---|---|---|
r-devel-linux-x86_64-debian-clang | 0.3.1 | 1.87 | 33.43 | 35.30 | NOTE | |
r-devel-linux-x86_64-debian-gcc | 0.3.1 | 1.89 | 27.24 | 29.13 | NOTE | |
r-devel-linux-x86_64-fedora-clang | 0.3.1 | 54.09 | OK | |||
r-devel-linux-x86_64-fedora-gcc | 0.3.1 | 65.59 | OK | |||
r-devel-windows-x86_64 | 0.3.1 | 5.00 | 51.00 | 56.00 | OK | |
r-patched-linux-x86_64 | 0.3.1 | 2.16 | 30.63 | 32.79 | OK | |
r-release-linux-x86_64 | 0.3.1 | 2.50 | 30.85 | 33.35 | OK | |
r-release-macos-arm64 | 0.3.1 | 29.00 | OK | |||
r-release-macos-x86_64 | 0.3.1 | 2.00 | 43.00 | 45.00 | OK | |
r-release-windows-x86_64 | 0.3.1 | 4.00 | 53.00 | 57.00 | OK | |
r-oldrel-macos-arm64 | 0.3.1 | 28.00 | OK | |||
r-oldrel-macos-x86_64 | 0.3.1 | 39.00 | OK | |||
r-oldrel-windows-x86_64 | 0.3.1 | 6.00 | 60.00 | 66.00 | OK |
Version: 0.3.1
Check: HTML version of manual
Result: NOTE
Found the following HTML validation problems:
chartJSRadarOutput.html:54:1 (chartJSRadarOutput.Rd:14): Warning: missing </ul> before </div>
chartJSRadar_html.html:66:1 (chartJSRadar_html.Rd:20): Warning: missing </ul> before </div>
renderChartJSRadar.html:54:1 (renderChartJSRadar.Rd:14): Warning: missing </ul> before </div>
Flavors: r-devel-linux-x86_64-debian-clang, r-devel-linux-x86_64-debian-gcc