Last updated on 2025-10-21 11:53:36 CEST.
Flavor | Version | Tinstall | Tcheck | Ttotal | Status | Flags |
---|---|---|---|---|---|---|
r-devel-linux-x86_64-debian-clang | 1.6.8 | 26.42 | 210.52 | 236.94 | NOTE | |
r-devel-linux-x86_64-debian-gcc | 1.6.8 | 17.46 | 141.71 | 159.17 | NOTE | |
r-devel-linux-x86_64-fedora-clang | 1.6.8 | 388.85 | OK | |||
r-devel-linux-x86_64-fedora-gcc | 1.6.8 | 74.00 | 267.46 | 341.46 | OK | |
r-devel-windows-x86_64 | 1.6.8 | 29.00 | 215.00 | 244.00 | OK | |
r-patched-linux-x86_64 | 1.6.8 | 27.57 | 194.31 | 221.88 | OK | |
r-release-linux-x86_64 | 1.6.8 | 26.90 | 195.72 | 222.62 | OK | |
r-release-macos-arm64 | 1.6.8 | 76.00 | OK | |||
r-release-macos-x86_64 | 1.6.8 | 29.00 | 159.00 | 188.00 | OK | |
r-release-windows-x86_64 | 1.6.8 | 30.00 | 217.00 | 247.00 | OK | |
r-oldrel-macos-arm64 | 1.6.8 | 83.00 | NOTE | |||
r-oldrel-macos-x86_64 | 1.6.8 | 199.00 | NOTE | |||
r-oldrel-windows-x86_64 | 1.6.8 | 42.00 | 292.00 | 334.00 | NOTE |
Version: 1.6.8
Check: HTML version of manual
Result: NOTE
Found the following HTML validation problems:
pdp_plot.html:90:1 (pdp_plot.Rd:38): Warning: missing </ul> before </div>
print.crtree.predict.html:55:1 (print.crtree.predict.Rd:14): Warning: missing </ul> before </div>
print.gbt.predict.html:55:1 (print.gbt.predict.Rd:14): Warning: missing </ul> before </div>
print.logistic.predict.html:55:1 (print.logistic.predict.Rd:14): Warning: missing </ul> before </div>
print.mnl.predict.html:55:1 (print.mnl.predict.Rd:14): Warning: missing </ul> before </div>
print.nb.predict.html:55:1 (print.nb.predict.Rd:14): Warning: missing </ul> before </div>
print.nn.predict.html:55:1 (print.nn.predict.Rd:14): Warning: missing </ul> before </div>
print.regress.predict.html:55:1 (print.regress.predict.Rd:14): Warning: missing </ul> before </div>
print.rforest.predict.html:55:1 (print.rforest.predict.Rd:14): Warning: missing </ul> before </div>
print_predict_model.html:58:1 (print_predict_model.Rd:16): Warning: missing </ul> before </div>
render.DiagrammeR.html:55:1 (render.DiagrammeR.Rd:14): Warning: missing </ul> before </div>
varimp.html:62:1 (varimp.Rd:18): Warning: missing </ul> before </div>
varimp_plot.html:62:1 (varimp_plot.Rd:18): Warning: missing </ul> before </div>
Flavors: r-devel-linux-x86_64-debian-clang, r-devel-linux-x86_64-debian-gcc
Version: 1.6.8
Check: installed package size
Result: NOTE
installed size is 11.1Mb
sub-directories of 1Mb or more:
app 10.0Mb
Flavors: r-oldrel-macos-arm64, r-oldrel-macos-x86_64, r-oldrel-windows-x86_64