Last updated on 2025-10-22 05:51:23 CEST.
Flavor | Version | Tinstall | Tcheck | Ttotal | Status | Flags |
---|---|---|---|---|---|---|
r-devel-linux-x86_64-debian-clang | 0.2.1 | 26.24 | 125.25 | 151.49 | NOTE | |
r-devel-linux-x86_64-debian-gcc | 0.2.1 | 17.29 | 90.26 | 107.55 | NOTE | |
r-devel-linux-x86_64-fedora-clang | 0.2.1 | 99.00 | 127.15 | 226.15 | OK | |
r-devel-linux-x86_64-fedora-gcc | 0.2.1 | 64.00 | 173.19 | 237.19 | OK | |
r-devel-windows-x86_64 | 0.2.1 | 87.00 | 123.00 | 210.00 | OK | |
r-patched-linux-x86_64 | 0.2.1 | 26.27 | 114.27 | 140.54 | OK | |
r-release-linux-x86_64 | 0.2.1 | 26.17 | 114.43 | 140.60 | OK | |
r-release-macos-arm64 | 0.2.1 | 49.00 | 68.00 | 117.00 | OK | |
r-release-macos-x86_64 | 0.2.1 | 88.00 | 123.00 | 211.00 | OK | |
r-release-windows-x86_64 | 0.2.1 | 56.00 | 123.00 | 179.00 | OK | |
r-oldrel-macos-arm64 | 0.2.1 | 35.00 | 64.00 | 99.00 | OK | |
r-oldrel-macos-x86_64 | 0.2.1 | 28.00 | 128.00 | 156.00 | OK | |
r-oldrel-windows-x86_64 | 0.2.1 | 66.00 | 159.00 | 225.00 | OK |
Version: 0.2.1
Check: HTML version of manual
Result: NOTE
Found the following HTML validation problems:
embed_databricks.html:84:1 (embed_databricks.Rd:32): Warning: missing </ul> before </div>
ragnar_chunks_view.html:48:1 (ragnar_chunks_view.Rd:10): Warning: missing </ul> before </div>
Flavors: r-devel-linux-x86_64-debian-clang, r-devel-linux-x86_64-debian-gcc