Last updated on 2024-05-26 21:49:25 CEST.
Flavor | Version | Tinstall | Tcheck | Ttotal | Status | Flags |
---|---|---|---|---|---|---|
r-devel-linux-x86_64-debian-clang | 3.0.2 | 39.17 | 193.04 | 232.21 | NOTE | |
r-devel-linux-x86_64-debian-gcc | 3.0.2 | 28.49 | 142.03 | 170.52 | NOTE | |
r-devel-linux-x86_64-fedora-clang | 3.0.2 | 290.64 | NOTE | |||
r-devel-linux-x86_64-fedora-gcc | 3.0.2 | 266.26 | NOTE | |||
r-devel-windows-x86_64 | 3.0.2 | 27.00 | 163.00 | 190.00 | NOTE | |
r-patched-linux-x86_64 | 3.0.2 | 33.36 | 185.87 | 219.23 | NOTE | |
r-release-linux-x86_64 | 3.0.2 | 22.12 | 189.74 | 211.86 | NOTE | |
r-release-macos-arm64 | 3.0.2 | 74.00 | NOTE | |||
r-release-windows-x86_64 | 3.0.2 | 31.00 | 166.00 | 197.00 | NOTE | |
r-oldrel-macos-arm64 | 3.0.2 | 78.00 | OK | |||
r-oldrel-macos-x86_64 | 3.0.2 | 192.00 | OK | |||
r-oldrel-windows-x86_64 | 3.0.2 | 41.00 | 216.00 | 257.00 | OK |
Version: 3.0.2
Check: Rd files
Result: NOTE
checkRd: (-1) makeDesignMatrix.Rd:16: Lost braces; missing escapes or markup?
16 | is randomized to a certain treatment {j}, the entry of \code{(i,j)} of the
| ^
Flavors: r-devel-linux-x86_64-debian-clang, r-devel-linux-x86_64-debian-gcc, r-devel-linux-x86_64-fedora-clang, r-devel-linux-x86_64-fedora-gcc, r-devel-windows-x86_64, r-patched-linux-x86_64, r-release-linux-x86_64, r-release-macos-arm64, r-release-windows-x86_64