Last updated on 2025-10-24 05:50:52 CEST.
| Flavor | Version | Tinstall | Tcheck | Ttotal | Status | Flags |
|---|---|---|---|---|---|---|
| r-devel-linux-x86_64-debian-clang | 1.0.0 | 1.60 | 17.60 | 19.20 | OK | |
| r-devel-linux-x86_64-debian-gcc | 1.0.0 | 1.29 | 14.47 | 15.76 | OK | |
| r-devel-linux-x86_64-fedora-clang | 1.0.0 | 28.42 | OK | |||
| r-devel-linux-x86_64-fedora-gcc | 1.0.0 | 26.72 | OK | |||
| r-devel-windows-x86_64 | 1.0.0 | 2.00 | 36.00 | 38.00 | OK | |
| r-patched-linux-x86_64 | 1.0.0 | 1.57 | 16.63 | 18.20 | OK | |
| r-release-linux-x86_64 | 1.0.0 | 1.37 | 16.83 | 18.20 | OK | |
| r-release-macos-arm64 | 1.0.0 | 1.00 | 13.00 | 14.00 | OK | |
| r-release-macos-x86_64 | 1.0.0 | 2.00 | 22.00 | 24.00 | OK | |
| r-release-windows-x86_64 | 1.0.0 | 3.00 | 37.00 | 40.00 | OK | |
| r-oldrel-macos-arm64 | 1.0.0 | 1.00 | 13.00 | 14.00 | NOTE | |
| r-oldrel-macos-x86_64 | 1.0.0 | 1.00 | 17.00 | 18.00 | NOTE | |
| r-oldrel-windows-x86_64 | 1.0.0 | 4.00 | 41.00 | 45.00 | NOTE |
Version: 1.0.0
Check: LazyData
Result: NOTE
'LazyData' is specified without a 'data' directory
Flavors: r-oldrel-macos-arm64, r-oldrel-macos-x86_64, r-oldrel-windows-x86_64