Last updated on 2025-10-22 23:50:07 CEST.
Flavor | Version | Tinstall | Tcheck | Ttotal | Status | Flags |
---|---|---|---|---|---|---|
r-devel-linux-x86_64-debian-clang | 0.12.0 | 139.65 | 59.71 | 199.36 | NOTE | |
r-devel-linux-x86_64-debian-gcc | 0.12.0 | 109.00 | 41.19 | 150.19 | OK | |
r-devel-linux-x86_64-fedora-clang | 0.12.0 | 279.00 | 56.85 | 335.85 | OK | |
r-devel-linux-x86_64-fedora-gcc | 0.12.0 | 240.00 | 126.00 | 366.00 | OK | |
r-devel-windows-x86_64 | 0.12.0 | 161.00 | 106.00 | 267.00 | OK | |
r-patched-linux-x86_64 | 0.12.0 | 150.90 | 55.73 | 206.63 | OK | |
r-release-linux-x86_64 | 0.12.0 | 152.14 | 56.20 | 208.34 | OK | |
r-release-macos-arm64 | 0.12.0 | 86.00 | 38.00 | 124.00 | OK | |
r-release-macos-x86_64 | 0.12.0 | 79.00 | 68.00 | 147.00 | OK | |
r-release-windows-x86_64 | 0.12.0 | 166.00 | 108.00 | 274.00 | OK | |
r-oldrel-macos-arm64 | 0.12.0 | 54.00 | 33.00 | 87.00 | NOTE | |
r-oldrel-macos-x86_64 | 0.12.0 | 65.00 | 62.00 | 127.00 | NOTE | |
r-oldrel-windows-x86_64 | 0.12.0 | 193.00 | 131.00 | 324.00 | NOTE |
Version: 0.12.0
Check: HTML version of manual
Result: NOTE
Found the following HTML validation problems:
print.ray_shape.html:51:1 (print.ray_shape.Rd:12): Warning: missing </ul> before </div>
print.ray_vertex_data.html:51:1 (print.ray_vertex_data.Rd:12): Warning: missing </ul> before </div>
save_png.html:54:1 (save_png.Rd:14): Warning: missing </ul> before </div>
Flavor: r-devel-linux-x86_64-debian-clang
Version: 0.12.0
Check: installed package size
Result: NOTE
installed size is 13.8Mb
sub-directories of 1Mb or more:
libs 13.0Mb
Flavors: r-oldrel-macos-arm64, r-oldrel-macos-x86_64, r-oldrel-windows-x86_64