Last updated on 2025-10-21 11:53:36 CEST.
Flavor | Version | Tinstall | Tcheck | Ttotal | Status | Flags |
---|---|---|---|---|---|---|
r-devel-linux-x86_64-debian-clang | 0.8.1 | 6.44 | 71.83 | 78.27 | NOTE | |
r-devel-linux-x86_64-debian-gcc | 0.8.1 | 3.87 | 53.91 | 57.78 | NOTE | |
r-devel-linux-x86_64-fedora-clang | 0.8.1 | 114.77 | OK | |||
r-devel-linux-x86_64-fedora-gcc | 0.8.1 | 13.00 | 114.06 | 127.06 | OK | |
r-devel-windows-x86_64 | 0.8.1 | 9.00 | 107.00 | 116.00 | OK | |
r-patched-linux-x86_64 | 0.8.1 | 5.63 | 67.27 | 72.90 | OK | |
r-release-linux-x86_64 | 0.8.1 | 5.89 | 67.04 | 72.93 | OK | |
r-release-macos-arm64 | 0.8.1 | 82.00 | OK | |||
r-release-macos-x86_64 | 0.8.1 | 6.00 | 109.00 | 115.00 | OK | |
r-release-windows-x86_64 | 0.8.1 | 11.00 | 105.00 | 116.00 | OK | |
r-oldrel-macos-arm64 | 0.8.1 | 73.00 | OK | |||
r-oldrel-macos-x86_64 | 0.8.1 | 97.00 | OK | |||
r-oldrel-windows-x86_64 | 0.8.1 | 12.00 | 119.00 | 131.00 | OK |
Version: 0.8.1
Check: HTML version of manual
Result: NOTE
Found the following HTML validation problems:
client_cache_date.html:47:1 (client_cache_date.Rd:11): Warning: missing </ul> before </div>
collapse_api_responses.html:46:1 (collapse_api_responses.Rd:10): Warning: missing </ul> before </div>
download_datasets.html:97:1 (download_datasets.Rd:42): Warning: missing </ul> before </div>
last_api_update.html:46:1 (last_api_update.Rd:10): Warning: missing </ul> before </div>
rbind_list_base.html:46:1 (rbind_list_base.Rd:10): Warning: missing </ul> before </div>
read_dhs_dataset.html:66:1 (read_dhs_dataset.Rd:22): Warning: missing </ul> before </div>
response_is_json.html:46:1 (response_is_json.Rd:10): Warning: missing </ul> before </div>
response_to_json.html:46:1 (response_to_json.Rd:10): Warning: missing </ul> before </div>
unzip_special.html:88:1 (unzip_special.Rd:40): Warning: missing </ul> before </div>
update_rdhs_config.html:118:1 (update_rdhs_config.Rd:58): Warning: missing </ul> before </div>
Flavors: r-devel-linux-x86_64-debian-clang, r-devel-linux-x86_64-debian-gcc