Last updated on 2025-10-21 17:49:59 CEST.
Flavor | Version | Tinstall | Tcheck | Ttotal | Status | Flags |
---|---|---|---|---|---|---|
r-devel-linux-x86_64-debian-clang | 1.3.1 | 26.94 | 474.83 | 501.77 | NOTE | |
r-devel-linux-x86_64-debian-gcc | 1.3.1 | 16.67 | 306.16 | 322.83 | NOTE | |
r-devel-linux-x86_64-fedora-clang | 1.3.1 | 153.00 | 621.20 | 774.20 | OK | |
r-devel-linux-x86_64-fedora-gcc | 1.3.1 | 46.00 | 710.60 | 756.60 | OK | |
r-devel-windows-x86_64 | 1.3.1 | 27.00 | 459.00 | 486.00 | OK | |
r-patched-linux-x86_64 | 1.3.1 | 34.47 | 445.95 | 480.42 | OK | |
r-release-linux-x86_64 | 1.3.1 | 23.51 | 445.98 | 469.49 | OK | |
r-release-macos-arm64 | 1.3.1 | 11.00 | 185.00 | 196.00 | OK | |
r-release-macos-x86_64 | 1.3.1 | 25.00 | 280.00 | 305.00 | WARN | |
r-release-windows-x86_64 | 1.3.1 | 33.00 | 463.00 | 496.00 | OK | |
r-oldrel-macos-arm64 | 1.3.1 | 10.00 | 200.00 | 210.00 | OK | |
r-oldrel-macos-x86_64 | 1.3.1 | 25.00 | 343.00 | 368.00 | OK | |
r-oldrel-windows-x86_64 | 1.3.1 | 39.00 | 600.00 | 639.00 | OK |
Version: 1.3.1
Check: HTML version of manual
Result: NOTE
Found the following HTML validation problems:
fixed.html:85:1 (fixed.Rd:48): Warning: missing </ul> before </div>
selections.html:213:1 (selections.Rd:167): Warning: missing </ul> before </div>
Flavors: r-devel-linux-x86_64-debian-clang, r-devel-linux-x86_64-debian-gcc
Version: 1.3.1
Check: Rd files
Result: WARN
cannot open the connection
remove_original_cols.Rd: Sections \title, and \name must exist and be unique in Rd files
problems found in ‘reexports.Rd’, ‘remove_original_cols.Rd’
Flavor: r-release-macos-x86_64