CRAN Package Check Results for Package recurse

Last updated on 2025-10-21 11:53:36 CEST.

Flavor Version Tinstall Tcheck Ttotal Status Flags
r-devel-linux-x86_64-debian-clang 1.4.0 16.88 94.49 111.37 NOTE
r-devel-linux-x86_64-debian-gcc 1.4.0 12.42 66.73 79.15 NOTE
r-devel-linux-x86_64-fedora-clang 1.4.0 167.81 OK
r-devel-linux-x86_64-fedora-gcc 1.4.0 39.00 140.53 179.53 OK
r-devel-windows-x86_64 1.4.0 18.00 116.00 134.00 OK
r-patched-linux-x86_64 1.4.0 17.85 88.03 105.88 OK
r-release-linux-x86_64 1.4.0 17.28 91.09 108.37 OK
r-release-macos-arm64 1.4.0 58.00 OK
r-release-macos-x86_64 1.4.0 9.00 78.00 87.00 OK
r-release-windows-x86_64 1.4.0 21.00 117.00 138.00 OK
r-oldrel-macos-arm64 1.4.0 71.00 OK
r-oldrel-macos-x86_64 1.4.0 201.00 OK
r-oldrel-windows-x86_64 1.4.0 20.00 147.00 167.00 OK

Check Details

Version: 1.4.0
Check: HTML version of manual
Result: NOTE Found the following HTML validation problems: dot-calculateCrossingPercentageCmplx.html:59:1 (dot-calculateCrossingPercentageCmplx.Rd:16): Warning: missing </ul> before </div> Flavors: r-devel-linux-x86_64-debian-clang, r-devel-linux-x86_64-debian-gcc