Last updated on 2025-10-22 17:49:49 CEST.
Flavor | Version | Tinstall | Tcheck | Ttotal | Status | Flags |
---|---|---|---|---|---|---|
r-devel-linux-x86_64-debian-clang | 4.3.1 | 303.31 | 264.98 | 568.29 | NOTE | |
r-devel-linux-x86_64-debian-gcc | 4.3.1 | 186.34 | 185.07 | 371.41 | NOTE | |
r-devel-linux-x86_64-fedora-clang | 4.3.1 | 1200.00 | -178.00 | 1022.00 | OK | |
r-devel-linux-x86_64-fedora-gcc | 4.3.1 | 439.00 | 508.89 | 947.89 | OK | |
r-devel-windows-x86_64 | 4.3.1 | 328.00 | 327.00 | 655.00 | OK | |
r-patched-linux-x86_64 | 4.3.1 | 296.74 | 251.13 | 547.87 | OK | |
r-release-linux-x86_64 | 4.3.1 | 299.31 | 248.91 | 548.22 | OK | |
r-release-macos-arm64 | 4.3.1 | 107.00 | 152.00 | 259.00 | OK | |
r-release-macos-x86_64 | 4.3.1 | 93.00 | 314.00 | 407.00 | OK | |
r-release-windows-x86_64 | 4.3.1 | 290.00 | 314.00 | 604.00 | OK | |
r-oldrel-macos-arm64 | 4.3.1 | 100.00 | 132.00 | 232.00 | NOTE | |
r-oldrel-macos-x86_64 | 4.3.1 | 94.00 | 299.00 | 393.00 | NOTE | |
r-oldrel-windows-x86_64 | 4.3.1 | 393.00 | 419.00 | 812.00 | NOTE |
Version: 4.3.1
Check: HTML version of manual
Result: NOTE
Found the following HTML validation problems:
plot.redist_plans.html:59:1 (plot.redist_plans.Rd:16): Warning: missing </ul> before </div>
Flavors: r-devel-linux-x86_64-debian-clang, r-devel-linux-x86_64-debian-gcc
Version: 4.3.1
Check: package dependencies
Result: NOTE
Package suggested but not available for checking: ‘Rmpi’
Flavors: r-oldrel-macos-arm64, r-oldrel-macos-x86_64
Version: 4.3.1
Check: installed package size
Result: NOTE
installed size is 19.2Mb
sub-directories of 1Mb or more:
data 1.2Mb
libs 15.3Mb
Flavors: r-oldrel-macos-arm64, r-oldrel-macos-x86_64, r-oldrel-windows-x86_64