Last updated on 2025-10-21 17:49:59 CEST.
Flavor | Version | Tinstall | Tcheck | Ttotal | Status | Flags |
---|---|---|---|---|---|---|
r-devel-linux-x86_64-debian-clang | 1.0.9 | 87.24 | 81.41 | 168.65 | OK | |
r-devel-linux-x86_64-debian-gcc | 1.0.9 | 54.95 | 60.19 | 115.14 | OK | |
r-devel-linux-x86_64-fedora-clang | 1.0.9 | 158.00 | 140.98 | 298.98 | OK | |
r-devel-linux-x86_64-fedora-gcc | 1.0.9 | 170.00 | 114.82 | 284.82 | OK | |
r-devel-windows-x86_64 | 1.0.9 | 100.00 | 120.00 | 220.00 | OK | |
r-patched-linux-x86_64 | 1.0.9 | 85.53 | 76.54 | 162.07 | OK | |
r-release-linux-x86_64 | 1.0.9 | 82.01 | 76.18 | 158.19 | OK | |
r-release-macos-arm64 | 1.0.9 | 34.00 | 46.00 | 80.00 | OK | |
r-release-macos-x86_64 | 1.0.9 | 34.00 | 86.00 | 120.00 | OK | |
r-release-windows-x86_64 | 1.0.9 | 100.00 | 126.00 | 226.00 | OK | |
r-oldrel-macos-arm64 | 1.0.9 | 30.00 | 51.00 | 81.00 | NOTE | |
r-oldrel-macos-x86_64 | 1.0.9 | 41.00 | 92.00 | 133.00 | NOTE | |
r-oldrel-windows-x86_64 | 1.0.9 | 115.00 | 153.00 | 268.00 | OK |
Version: 1.0.9
Check: installed package size
Result: NOTE
installed size is 5.3Mb
sub-directories of 1Mb or more:
libs 4.6Mb
Flavors: r-oldrel-macos-arm64, r-oldrel-macos-x86_64