Last updated on 2025-10-21 17:49:59 CEST.
Flavor | Version | Tinstall | Tcheck | Ttotal | Status | Flags |
---|---|---|---|---|---|---|
r-devel-linux-x86_64-debian-clang | 2.1.0 | 44.23 | 725.21 | 769.44 | WARN | |
r-devel-linux-x86_64-debian-gcc | 2.1.0 | 26.54 | 450.97 | 477.51 | WARN | |
r-devel-linux-x86_64-fedora-clang | 2.1.0 | 118.00 | 1125.45 | 1243.45 | NOTE | |
r-devel-linux-x86_64-fedora-gcc | 2.1.0 | 52.00 | 1206.29 | 1258.29 | NOTE | |
r-devel-windows-x86_64 | 2.1.0 | 53.00 | 705.00 | 758.00 | NOTE | |
r-patched-linux-x86_64 | 2.1.0 | 42.01 | 712.44 | 754.45 | NOTE | |
r-release-linux-x86_64 | 2.1.0 | 43.99 | 708.68 | 752.67 | NOTE | |
r-release-macos-arm64 | 2.1.0 | 16.00 | 337.00 | 353.00 | NOTE | |
r-release-macos-x86_64 | 2.1.0 | 24.00 | 723.00 | 747.00 | NOTE | |
r-release-windows-x86_64 | 2.1.0 | 53.00 | 709.00 | 762.00 | NOTE | |
r-oldrel-macos-arm64 | 2.1.0 | 19.00 | 358.00 | 377.00 | NOTE | |
r-oldrel-macos-x86_64 | 2.1.0 | 32.00 | 511.00 | 543.00 | NOTE | |
r-oldrel-windows-x86_64 | 2.1.0 | 63.00 | 1084.00 | 1147.00 | NOTE |
Version: 2.1.0
Check: whether package can be installed
Result: WARN
Found the following significant warnings:
/home/hornik/tmp/R.check/r-devel-clang/Work/build/Packages/RcppArmadillo/include/RcppArmadillo/version/arma.h:66:17: warning: Using fallback compilation with Armadillo 14.6.3. Please consider defining -DARMA_USE_CURRENT and also removing C++11 compilation directive. See GitHub issue #475 for more. [-W#pragma-messages]
See ‘/home/hornik/tmp/R.check/r-devel-clang/Work/PKGS/registr.Rcheck/00install.out’ for details.
* used C++ compiler: ‘Debian clang version 19.1.7 (7)’
Flavor: r-devel-linux-x86_64-debian-clang
Version: 2.1.0
Check: C++ specification
Result: NOTE
Specified C++11: please drop specification unless essential
Flavors: r-devel-linux-x86_64-debian-clang, r-devel-linux-x86_64-debian-gcc, r-devel-linux-x86_64-fedora-clang, r-devel-linux-x86_64-fedora-gcc, r-devel-windows-x86_64, r-patched-linux-x86_64, r-release-linux-x86_64, r-release-macos-arm64, r-release-macos-x86_64, r-release-windows-x86_64, r-oldrel-macos-arm64, r-oldrel-macos-x86_64, r-oldrel-windows-x86_64
Version: 2.1.0
Check: Rd cross-references
Result: NOTE
Found the following Rd file(s) with Rd \link{} targets missing package
anchors:
gfpca_twoStep.Rd: gamm4
Please provide package anchors for all Rd \link{} targets not in the
package itself and the base packages.
Flavors: r-devel-linux-x86_64-debian-clang, r-devel-linux-x86_64-debian-gcc, r-devel-windows-x86_64, r-patched-linux-x86_64, r-release-linux-x86_64, r-release-windows-x86_64
Version: 2.1.0
Check: HTML version of manual
Result: NOTE
Found the following HTML validation problems:
crossprods_irregular.html:49:1 (crossprods_irregular.Rd:11): Warning: missing </ul> before </div>
crossprods_regular.html:49:1 (crossprods_regular.Rd:11): Warning: missing </ul> before </div>
initial_params.html:59:1 (initial_params.Rd:15): Warning: missing </ul> before </div>
mean_sim.html:46:1 (mean_sim.Rd:10): Warning: missing </ul> before </div>
psi1_sim.html:46:1 (psi1_sim.Rd:10): Warning: missing </ul> before </div>
psi2_sim.html:46:1 (psi2_sim.Rd:10): Warning: missing </ul> before </div>
Flavors: r-devel-linux-x86_64-debian-clang, r-devel-linux-x86_64-debian-gcc
Version: 2.1.0
Check: whether package can be installed
Result: WARN
Found the following significant warnings:
/home/hornik/tmp/R.check/r-devel-gcc/Work/build/Packages/RcppArmadillo/include/RcppArmadillo/version/arma.h:66:199: note: ‘#pragma message: Using fallback compilation with Armadillo 14.6.3. Please consider defining -DARMA_USE_CURRENT and also removing C++11 compilation directive. See GitHub issue #475 for more.’
See ‘/home/hornik/tmp/R.check/r-devel-gcc/Work/PKGS/registr.Rcheck/00install.out’ for details.
* used C++ compiler: ‘g++-15 (Debian 15.2.0-4) 15.2.0’
Flavor: r-devel-linux-x86_64-debian-gcc