Last updated on 2025-10-21 17:49:59 CEST.
Flavor | Version | Tinstall | Tcheck | Ttotal | Status | Flags |
---|---|---|---|---|---|---|
r-devel-linux-x86_64-debian-clang | 0.2.1 | 7.13 | 69.74 | 76.87 | NOTE | |
r-devel-linux-x86_64-debian-gcc | 0.2.1 | 5.18 | 50.93 | 56.11 | NOTE | |
r-devel-linux-x86_64-fedora-clang | 0.2.1 | 15.00 | 101.97 | 116.97 | OK | |
r-devel-linux-x86_64-fedora-gcc | 0.2.1 | 13.00 | 98.32 | 111.32 | OK | |
r-devel-windows-x86_64 | 0.2.1 | 8.00 | 84.00 | 92.00 | OK | |
r-patched-linux-x86_64 | 0.2.1 | 7.41 | 65.19 | 72.60 | OK | |
r-release-linux-x86_64 | 0.2.1 | 6.62 | 66.01 | 72.63 | OK | |
r-release-macos-arm64 | 0.2.1 | 2.00 | 25.00 | 27.00 | OK | |
r-release-macos-x86_64 | 0.2.1 | 5.00 | 47.00 | 52.00 | OK | |
r-release-windows-x86_64 | 0.2.1 | 9.00 | 79.00 | 88.00 | OK | |
r-oldrel-macos-arm64 | 0.2.1 | 2.00 | 26.00 | 28.00 | OK | |
r-oldrel-macos-x86_64 | 0.2.1 | 4.00 | 35.00 | 39.00 | OK | |
r-oldrel-windows-x86_64 | 0.2.1 | 11.00 | 95.00 | 106.00 | OK |
Version: 0.2.1
Check: CRAN incoming feasibility
Result: NOTE
Maintainer: ‘Alexander I. Jordan <alexander.jordan@h-its.org>’
Package CITATION file contains call(s) to old-style citEntry(). Please
use bibentry() instead.
Flavors: r-devel-linux-x86_64-debian-clang, r-devel-linux-x86_64-debian-gcc